CRAN Package Check Results for Package casino

Last updated on 2019-09-22 22:46:43 CEST.

Flavor Version Tinstall Tcheck Ttotal Status Flags
r-devel-linux-x86_64-debian-clang 0.1.0 7.43 43.80 51.23 OK
r-devel-linux-x86_64-debian-gcc 0.1.0 5.45 34.96 40.41 OK
r-devel-linux-x86_64-fedora-clang 0.1.0 63.38 NOTE
r-devel-linux-x86_64-fedora-gcc 0.1.0 62.45 NOTE
r-devel-windows-ix86+x86_64 0.1.0 28.00 84.00 112.00 OK
r-patched-linux-x86_64 0.1.0 6.26 42.53 48.79 OK
r-patched-solaris-x86 0.1.0 86.50 NOTE
r-release-linux-x86_64 0.1.0 6.51 42.59 49.10 OK
r-release-windows-ix86+x86_64 0.1.0 23.00 74.00 97.00 OK
r-release-osx-x86_64 0.1.0 NOTE
r-oldrel-windows-ix86+x86_64 0.1.0 10.00 49.00 59.00 OK
r-oldrel-osx-x86_64 0.1.0 NOTE

Check Details

Version: 0.1.0
Check: dependencies in R code
Result: NOTE
    Namespaces in Imports field not imported from:
     ‘R6’ ‘crayon’ ‘dplyr’ ‘tidyr’
     All declared Imports should be used.
Flavors: r-devel-linux-x86_64-fedora-clang, r-devel-linux-x86_64-fedora-gcc, r-patched-solaris-x86, r-release-osx-x86_64, r-oldrel-osx-x86_64