CRAN Package Check Results for Package cassandRa

Last updated on 2024-02-27 23:08:08 CET.

Flavor Version Tinstall Tcheck Ttotal Status Flags
r-devel-linux-x86_64-debian-clang 0.1.0 6.57 118.24 124.81 NOTE
r-devel-linux-x86_64-debian-gcc 0.1.0 5.40 86.85 92.25 NOTE
r-devel-linux-x86_64-fedora-clang 0.1.0 152.48 NOTE
r-devel-linux-x86_64-fedora-gcc 0.1.0 160.16 NOTE
r-devel-windows-x86_64 0.1.0 7.00 104.00 111.00 NOTE
r-patched-linux-x86_64 0.1.0 6.09 114.98 121.07 NOTE
r-release-linux-x86_64 0.1.0 4.68 112.86 117.54 NOTE
r-release-macos-arm64 0.1.0 49.00 NOTE
r-release-macos-x86_64 0.1.0 81.00 NOTE
r-release-windows-x86_64 0.1.0 10.00 120.00 130.00 NOTE
r-oldrel-macos-arm64 0.1.0 44.00 NOTE
r-oldrel-windows-x86_64 0.1.0 9.00 125.00 134.00 NOTE

Check Details

Version: 0.1.0
Check: Rd metadata
Result: NOTE Invalid package aliases in Rd file 'EcoLinkPredict.Rd': ‘EcoLinkPredict-package’ Flavors: r-devel-linux-x86_64-debian-clang, r-devel-linux-x86_64-debian-gcc, r-devel-linux-x86_64-fedora-clang, r-devel-linux-x86_64-fedora-gcc, r-devel-windows-x86_64

Version: 0.1.0
Check: LazyData
Result: NOTE 'LazyData' is specified without a 'data' directory Flavors: r-devel-linux-x86_64-debian-clang, r-devel-linux-x86_64-debian-gcc, r-devel-linux-x86_64-fedora-clang, r-devel-linux-x86_64-fedora-gcc, r-devel-windows-x86_64, r-patched-linux-x86_64, r-release-linux-x86_64, r-release-macos-arm64, r-release-macos-x86_64, r-release-windows-x86_64, r-oldrel-macos-arm64, r-oldrel-windows-x86_64