CRAN Package Check Results for Package castor

Last updated on 2022-01-27 23:00:56 CET.

Flavor Version Tinstall Tcheck Ttotal Status Flags
r-devel-linux-x86_64-debian-clang 1.7.2 154.88 186.86 341.74 OK
r-devel-linux-x86_64-debian-gcc 1.7.2 145.56 141.14 286.70 OK
r-devel-linux-x86_64-fedora-clang 1.7.2 476.97 NOTE
r-devel-linux-x86_64-fedora-gcc 1.7.2 512.79 OK
r-devel-windows-x86_64-new-UL 1.7.2 250.00 250.00 500.00 OK
r-devel-windows-x86_64-new-TK 1.7.2 NOTE
r-patched-linux-x86_64 1.7.2 153.68 182.50 336.18 OK
r-release-linux-x86_64 1.7.2 147.69 180.23 327.92 OK
r-release-macos-arm64 1.7.2 NOTE
r-release-macos-x86_64 1.7.2 WARN --as-cran
r-release-windows-ix86+x86_64 1.7.2 286.00 273.00 559.00 NOTE
r-oldrel-macos-x86_64 1.7.2 NOTE
r-oldrel-windows-ix86+x86_64 1.7.2 284.00 268.00 552.00 NOTE

Check Details

Version: 1.7.2
Check: installed package size
Result: NOTE
     installed size is 17.6Mb
     sub-directories of 1Mb or more:
     libs 15.7Mb
Flavors: r-devel-linux-x86_64-fedora-clang, r-release-macos-arm64, r-release-windows-ix86+x86_64, r-oldrel-macos-x86_64, r-oldrel-windows-ix86+x86_64

Version: 1.7.2
Check: package dependencies
Result: NOTE
    Package suggested but not available for checking: 'nloptr'
Flavor: r-devel-windows-x86_64-new-TK

Version: 1.7.2
Flags: --as-cran
Check: CRAN incoming feasibility
Result: WARN
    Maintainer: ‘Stilianos Louca <louca@zoology.ubc.ca>’
    
    Insufficient package version (submitted: 1.7.2, existing: 1.7.2)
    
    Days since last update: 1
Flavor: r-release-macos-x86_64

Version: 1.7.2
Flags: --as-cran
Check: installed package size
Result: NOTE
     installed size is 19.1Mb
     sub-directories of 1Mb or more:
     libs 17.3Mb
Flavor: r-release-macos-x86_64