CRAN Package Check Results for Package catdata

Last updated on 2019-12-10 22:49:28 CET.

Flavor Version Tinstall Tcheck Ttotal Status Flags
r-devel-linux-x86_64-debian-clang 1.2.1 2.52 308.09 310.61 NOTE
r-devel-linux-x86_64-debian-gcc 1.2.1 1.88 250.27 252.15 NOTE
r-devel-linux-x86_64-fedora-clang 1.2.1 419.78 NOTE
r-devel-linux-x86_64-fedora-gcc 1.2.1 384.21 NOTE
r-devel-windows-ix86+x86_64 1.2.1 7.00 402.00 409.00 OK
r-devel-windows-ix86+x86_64-gcc8 1.2.1 7.00 686.00 693.00 NOTE
r-patched-linux-x86_64 1.2.1 2.11 275.23 277.34 NOTE
r-patched-solaris-x86 1.2.1 214.70 NOTE
r-release-linux-x86_64 1.2.1 1.98 277.94 279.92 NOTE
r-release-windows-ix86+x86_64 1.2.1 6.00 189.00 195.00 OK
r-release-osx-x86_64 1.2.1 NOTE
r-oldrel-windows-ix86+x86_64 1.2.1 5.00 150.00 155.00 OK
r-oldrel-osx-x86_64 1.2.1 OK

Check Details

Version: 1.2.1
Check: package dependencies
Result: NOTE
    Package suggested but not available for checking: 'lqa'
Flavors: r-devel-linux-x86_64-debian-clang, r-devel-linux-x86_64-debian-gcc, r-devel-linux-x86_64-fedora-clang, r-devel-linux-x86_64-fedora-gcc, r-devel-windows-ix86+x86_64-gcc8, r-patched-linux-x86_64, r-patched-solaris-x86, r-release-linux-x86_64, r-release-osx-x86_64