CRAN Package Check Results for Package catdata

Last updated on 2021-05-14 23:50:39 CEST.

Flavor Version Tinstall Tcheck Ttotal Status Flags
r-devel-linux-x86_64-debian-clang 1.2.2 4.56 141.05 145.61 NOTE
r-devel-linux-x86_64-debian-gcc 1.2.2 3.40 115.06 118.46 NOTE
r-devel-linux-x86_64-fedora-clang 1.2.2 205.57 NOTE
r-devel-linux-x86_64-fedora-gcc 1.2.2 456.23 NOTE
r-devel-windows-ix86+x86_64 1.2.2 10.00 410.00 420.00 OK
r-devel-windows-x86_64-gcc10-UCRT 1.2.2 NOTE
r-patched-linux-x86_64 1.2.2 3.85 139.45 143.30 NOTE
r-patched-solaris-x86 1.2.2 259.20 NOTE
r-release-linux-x86_64 1.2.2 4.37 140.71 145.08 NOTE
r-release-macos-x86_64 1.2.2 OK
r-release-windows-ix86+x86_64 1.2.2 10.00 278.00 288.00 OK
r-oldrel-macos-x86_64 1.2.2 OK
r-oldrel-windows-ix86+x86_64 1.2.2 7.00 246.00 253.00 OK

Check Details

Version: 1.2.2
Check: package dependencies
Result: NOTE
    Package suggested but not available for checking: 'GAMBoost'
Flavors: r-devel-linux-x86_64-debian-clang, r-devel-linux-x86_64-debian-gcc, r-devel-linux-x86_64-fedora-clang, r-devel-linux-x86_64-fedora-gcc, r-devel-windows-x86_64-gcc10-UCRT, r-patched-linux-x86_64, r-patched-solaris-x86, r-release-linux-x86_64