CRAN Package Check Results for Package catdata

Last updated on 2019-08-21 22:48:35 CEST.

Flavor Version Tinstall Tcheck Ttotal Status Flags
r-devel-linux-x86_64-debian-clang 1.2.1 2.41 283.71 286.12 NOTE
r-devel-linux-x86_64-debian-gcc 1.2.1 NOTE
r-devel-linux-x86_64-fedora-clang 1.2.1 380.29 NOTE
r-devel-linux-x86_64-fedora-gcc 1.2.1 366.01 NOTE
r-devel-windows-ix86+x86_64 1.2.1 11.00 299.00 310.00 OK
r-patched-linux-x86_64 1.2.1 2.06 274.49 276.55 NOTE
r-patched-solaris-x86 1.2.1 214.00 NOTE
r-release-linux-x86_64 1.2.1 2.01 274.36 276.37 NOTE
r-release-windows-ix86+x86_64 1.2.1 6.00 624.00 630.00 OK
r-release-osx-x86_64 1.2.1 NOTE
r-oldrel-windows-ix86+x86_64 1.2.1 9.00 227.00 236.00 OK
r-oldrel-osx-x86_64 1.2.1 OK

Check Details

Version: 1.2.1
Check: package dependencies
Result: NOTE
    Package suggested but not available for checking: 'lqa'
Flavors: r-devel-linux-x86_64-debian-clang, r-devel-linux-x86_64-debian-gcc, r-devel-linux-x86_64-fedora-clang, r-devel-linux-x86_64-fedora-gcc, r-patched-linux-x86_64, r-patched-solaris-x86, r-release-linux-x86_64, r-release-osx-x86_64