Last updated on 2023-09-22 23:04:54 CEST.
Flavor | Version | Tinstall | Tcheck | Ttotal | Status | Flags |
---|---|---|---|---|---|---|
r-devel-linux-x86_64-debian-clang | 1.0 | 149.51 | 55.31 | 204.82 | OK | |
r-devel-linux-x86_64-debian-gcc | 1.0 | 101.99 | 42.07 | 144.06 | OK | |
r-devel-linux-x86_64-fedora-clang | 1.0 | 303.63 | OK | |||
r-devel-linux-x86_64-fedora-gcc | 1.0 | 308.87 | OK | |||
r-devel-windows-x86_64 | 1.0 | 107.00 | 84.00 | 191.00 | OK | |
r-patched-linux-x86_64 | 1.0 | 144.36 | 54.01 | 198.37 | OK | |
r-release-linux-x86_64 | 1.0 | 144.07 | 54.80 | 198.87 | OK | |
r-release-macos-arm64 | 1.0 | 66.00 | NOTE | |||
r-release-macos-x86_64 | 1.0 | 120.00 | NOTE | |||
r-release-windows-x86_64 | 1.0 | 147.00 | 94.00 | 241.00 | OK | |
r-oldrel-macos-arm64 | 1.0 | 65.00 | NOTE | |||
r-oldrel-macos-x86_64 | 1.0 | 88.00 | NOTE | |||
r-oldrel-windows-x86_64 | 1.0 | 134.00 | 94.00 | 228.00 | OK |
Version: 1.0
Check: installed package size
Result: NOTE
installed size is 5.7Mb
sub-directories of 1Mb or more:
libs 5.3Mb
Flavors: r-release-macos-arm64, r-release-macos-x86_64, r-oldrel-macos-arm64, r-oldrel-macos-x86_64