Last updated on 2023-09-25 22:12:34 CEST.
Flavor | Version | Tinstall | Tcheck | Ttotal | Status | Flags |
---|---|---|---|---|---|---|
r-devel-linux-x86_64-debian-clang | 0.9.3 | 6.97 | 122.41 | 129.38 | NOTE | |
r-devel-linux-x86_64-debian-gcc | 0.9.3 | 5.24 | 100.29 | 105.53 | NOTE | |
r-devel-linux-x86_64-fedora-clang | 0.9.3 | 184.42 | NOTE | |||
r-devel-linux-x86_64-fedora-gcc | 0.9.3 | 173.92 | NOTE | |||
r-devel-windows-x86_64 | 0.9.3 | 7.00 | 123.00 | 130.00 | NOTE | |
r-patched-linux-x86_64 | 0.9.3 | 5.52 | 123.78 | 129.30 | OK | |
r-release-linux-x86_64 | 0.9.3 | 5.86 | 139.11 | 144.97 | OK | |
r-release-macos-arm64 | 0.9.3 | 77.00 | NOTE | |||
r-release-macos-x86_64 | 0.9.3 | 101.00 | NOTE | |||
r-release-windows-x86_64 | 0.9.3 | 7.00 | 158.00 | 165.00 | NOTE | |
r-oldrel-macos-arm64 | 0.9.3 | 72.00 | NOTE | |||
r-oldrel-macos-x86_64 | 0.9.3 | 87.00 | NOTE | |||
r-oldrel-windows-x86_64 | 0.9.3 | 8.00 | 167.00 | 175.00 | NOTE |
Version: 0.9.3
Check: Rd \usage sections
Result: NOTE
Documented arguments not in \usage in documentation object 'add_catmaply_slider':
‘text_font_color’ ‘categorical_col’
Documented arguments not in \usage in documentation object 'add_catmaply_traces':
‘categorical_col’
Documented arguments not in \usage in documentation object 'catmaply_annotations':
‘fig’ ‘text_font_color’
Functions with \usage entries need to have the appropriate \alias
entries, and all their arguments documented.
The \usage entries must correspond to syntactically valid R code.
See chapter ‘Writing R documentation files’ in the ‘Writing R
Extensions’ manual.
Flavors: r-devel-linux-x86_64-debian-clang, r-devel-linux-x86_64-debian-gcc, r-devel-linux-x86_64-fedora-clang, r-devel-linux-x86_64-fedora-gcc, r-devel-windows-x86_64
Version: 0.9.3
Check: installed package size
Result: NOTE
installed size is 38.0Mb
sub-directories of 1Mb or more:
doc 37.7Mb
Flavors: r-devel-linux-x86_64-fedora-clang, r-devel-windows-x86_64, r-release-macos-arm64, r-release-macos-x86_64, r-release-windows-x86_64, r-oldrel-macos-arm64, r-oldrel-macos-x86_64, r-oldrel-windows-x86_64