Last updated on 2024-04-22 23:09:45 CEST.
Flavor | Version | Tinstall | Tcheck | Ttotal | Status | Flags |
---|---|---|---|---|---|---|
r-devel-linux-x86_64-debian-clang | 0.9.4 | 4.30 | 98.33 | 102.63 | OK | |
r-devel-linux-x86_64-debian-gcc | 0.9.4 | 3.99 | 74.17 | 78.16 | OK | |
r-devel-linux-x86_64-fedora-clang | 0.9.4 | 143.95 | NOTE | |||
r-devel-linux-x86_64-fedora-gcc | 0.9.4 | 133.94 | OK | |||
r-prerel-macos-arm64 | 0.9.4 | 59.00 | NOTE | |||
r-prerel-macos-x86_64 | 0.9.4 | 132.00 | NOTE | |||
r-prerel-windows-x86_64 | 0.9.4 | 6.00 | 101.00 | 107.00 | NOTE | |
r-patched-linux-x86_64 | 0.9.4 | 3.78 | 100.41 | 104.19 | OK | |
r-release-linux-x86_64 | 0.9.4 | 3.86 | 102.13 | 105.99 | OK | |
r-release-macos-arm64 | 0.9.4 | 64.00 | NOTE | |||
r-release-macos-x86_64 | 0.9.4 | 98.00 | NOTE | |||
r-release-windows-x86_64 | 0.9.4 | 7.00 | 122.00 | 129.00 | NOTE | |
r-oldrel-macos-arm64 | 0.9.4 | 55.00 | NOTE | |||
r-oldrel-windows-x86_64 | 0.9.4 | 6.00 | 130.00 | 136.00 | NOTE |
Version: 0.9.4
Check: installed package size
Result: NOTE
installed size is 20.3Mb
sub-directories of 1Mb or more:
doc 19.9Mb
Flavors: r-devel-linux-x86_64-fedora-clang, r-prerel-macos-arm64, r-prerel-macos-x86_64, r-prerel-windows-x86_64, r-release-macos-arm64, r-release-macos-x86_64, r-release-windows-x86_64, r-oldrel-macos-arm64, r-oldrel-windows-x86_64