CRAN Package Check Results for Package catmaply

Last updated on 2024-06-13 22:49:21 CEST.

Flavor Version Tinstall Tcheck Ttotal Status Flags
r-devel-linux-x86_64-debian-clang 0.9.4 5.56 100.93 106.49 OK
r-devel-linux-x86_64-debian-gcc 0.9.4 1.72 1.85 3.57 ERROR
r-devel-linux-x86_64-fedora-clang 0.9.4 140.77 NOTE
r-devel-linux-x86_64-fedora-gcc 0.9.4 135.13 OK
r-devel-windows-x86_64 0.9.4 5.00 100.00 105.00 NOTE
r-patched-linux-x86_64 0.9.4 6.13 96.48 102.61 OK
r-release-linux-x86_64 0.9.4 7.20 92.58 99.78 OK
r-release-macos-arm64 0.9.4 59.00 NOTE
r-release-macos-x86_64 0.9.4 83.00 NOTE
r-release-windows-x86_64 0.9.4 7.00 100.00 107.00 NOTE
r-oldrel-macos-arm64 0.9.4 64.00 NOTE
r-oldrel-macos-x86_64 0.9.4 98.00 NOTE
r-oldrel-windows-x86_64 0.9.4 7.00 122.00 129.00 NOTE

Check Details

Version: 0.9.4
Check: package dependencies
Result: ERROR Packages required but not available: 'plotly', 'dplyr', 'tidyr' Packages suggested but not available for checking: 'testthat', 'viridis', 'lubridate', 'tidyverse' See section ‘The DESCRIPTION file’ in the ‘Writing R Extensions’ manual. Flavor: r-devel-linux-x86_64-debian-gcc

Version: 0.9.4
Check: installed package size
Result: NOTE installed size is 20.3Mb sub-directories of 1Mb or more: doc 19.9Mb Flavors: r-devel-linux-x86_64-fedora-clang, r-devel-windows-x86_64, r-release-macos-arm64, r-release-macos-x86_64, r-release-windows-x86_64, r-oldrel-macos-arm64, r-oldrel-macos-x86_64, r-oldrel-windows-x86_64