CRAN Package Check Results for Package catsim

Last updated on 2025-01-17 22:50:12 CET.

Flavor Version Tinstall Tcheck Ttotal Status Flags
r-devel-linux-x86_64-debian-clang 0.2.4 33.71 143.07 176.78 OK
r-devel-linux-x86_64-debian-gcc 0.2.4 26.38 86.06 112.44 OK
r-devel-linux-x86_64-fedora-clang 0.2.4 296.65 OK
r-devel-linux-x86_64-fedora-gcc 0.2.4 326.75 OK
r-devel-windows-x86_64 0.2.4 41.00 177.00 218.00 OK
r-patched-linux-x86_64 0.2.4 37.64 132.19 169.83 OK
r-release-linux-x86_64 0.2.4 34.86 131.41 166.27 OK
r-release-macos-arm64 0.2.4 83.00 NOTE
r-release-macos-x86_64 0.2.4 169.00 NOTE
r-release-windows-x86_64 0.2.4 39.00 177.00 216.00 OK
r-oldrel-macos-arm64 0.2.4 83.00 NOTE
r-oldrel-macos-x86_64 0.2.4 141.00 NOTE
r-oldrel-windows-x86_64 0.2.4 41.00 214.00 255.00 OK

Check Details

Version: 0.2.4
Check: installed package size
Result: NOTE installed size is 6.6Mb sub-directories of 1Mb or more: libs 6.4Mb Flavors: r-release-macos-arm64, r-release-macos-x86_64, r-oldrel-macos-arm64, r-oldrel-macos-x86_64