CRAN Package Check Results for Package catsim

Last updated on 2021-08-01 22:49:37 CEST.

Flavor Version Tinstall Tcheck Ttotal Status Flags
r-devel-linux-x86_64-debian-clang 0.2.3 49.79 186.61 236.40 OK
r-devel-linux-x86_64-debian-gcc 0.2.3 36.10 131.26 167.36 OK
r-devel-linux-x86_64-fedora-clang 0.2.3 294.80 NOTE
r-devel-linux-x86_64-fedora-gcc 0.2.3 290.48 OK
r-devel-windows-x86_64 0.2.3 62.00 220.00 282.00 OK
r-devel-windows-x86_64-gcc10-UCRT 0.2.3 OK
r-patched-linux-x86_64 0.2.3 OK
r-patched-solaris-x86 0.2.3 347.70 OK
r-release-linux-x86_64 0.2.3 35.17 172.20 207.37 OK
r-release-macos-arm64 0.2.3 NOTE
r-release-macos-x86_64 0.2.3 NOTE
r-release-windows-ix86+x86_64 0.2.3 112.00 264.00 376.00 OK
r-oldrel-macos-x86_64 0.2.3 NOTE
r-oldrel-windows-ix86+x86_64 0.2.3 105.00 274.00 379.00 OK

Check Details

Version: 0.2.3
Check: installed package size
Result: NOTE
     installed size is 5.5Mb
     sub-directories of 1Mb or more:
     libs 5.2Mb
Flavors: r-devel-linux-x86_64-fedora-clang, r-release-macos-arm64, r-release-macos-x86_64, r-oldrel-macos-x86_64