CRAN Package Check Results for Package causal.decomp

Last updated on 2022-01-24 22:56:21 CET.

Flavor Version Tinstall Tcheck Ttotal Status Flags
r-devel-linux-x86_64-debian-clang 0.0.1 8.70 114.05 122.75 OK
r-devel-linux-x86_64-debian-gcc 0.0.1 8.43 84.42 92.85 OK
r-devel-linux-x86_64-fedora-clang 0.0.1 153.64 NOTE
r-devel-linux-x86_64-fedora-gcc 0.0.1 145.15 NOTE
r-devel-windows-x86_64-new-UL 0.0.1 46.00 124.00 170.00 OK
r-devel-windows-x86_64-new-TK 0.0.1 NOTE
r-patched-linux-x86_64 0.0.1 9.29 107.04 116.33 OK
r-release-linux-x86_64 0.0.1 9.02 109.43 118.45 OK
r-release-macos-arm64 0.0.1 NOTE
r-release-macos-x86_64 0.0.1 NOTE
r-release-windows-ix86+x86_64 0.0.1 24.00 123.00 147.00 OK
r-oldrel-macos-x86_64 0.0.1 NOTE
r-oldrel-windows-ix86+x86_64 0.0.1 28.00 123.00 151.00 OK

Check Details

Version: 0.0.1
Check: dependencies in R code
Result: NOTE
    Namespaces in Imports field not imported from:
     ‘CBPS’ ‘spelling’
     All declared Imports should be used.
Flavors: r-devel-linux-x86_64-fedora-clang, r-devel-linux-x86_64-fedora-gcc, r-devel-windows-x86_64-new-TK, r-release-macos-arm64, r-release-macos-x86_64, r-oldrel-macos-x86_64