CRAN Package Check Results for Package causaloptim

Last updated on 2021-07-25 23:00:08 CEST.

Flavor Version Tinstall Tcheck Ttotal Status Flags
r-devel-linux-x86_64-debian-clang 0.8.2 36.32 120.39 156.71 OK
r-devel-linux-x86_64-debian-gcc 0.8.2 24.24 89.53 113.77 OK
r-devel-linux-x86_64-fedora-clang 0.8.2 203.51 OK
r-devel-linux-x86_64-fedora-gcc 0.8.2 185.10 OK
r-devel-windows-x86_64 0.8.2 46.00 167.00 213.00 OK
r-devel-windows-x86_64-gcc10-UCRT 0.8.2 OK
r-patched-linux-x86_64 0.8.2 27.88 114.13 142.01 OK
r-patched-solaris-x86 0.8.2 215.00 OK
r-release-linux-x86_64 0.8.2 27.74 113.23 140.97 OK
r-release-macos-arm64 0.8.2 NOTE
r-release-macos-x86_64 0.8.2 NOTE
r-release-windows-ix86+x86_64 0.8.2 82.00 157.00 239.00 NOTE
r-oldrel-macos-x86_64 0.8.2 NOTE
r-oldrel-windows-ix86+x86_64 0.8.2 61.00 220.00 281.00 NOTE

Check Details

Version: 0.8.2
Check: installed package size
Result: NOTE
     installed size is 5.6Mb
     sub-directories of 1Mb or more:
     doc 1.9Mb
     libs 2.5Mb
Flavors: r-release-macos-arm64, r-release-macos-x86_64, r-release-windows-ix86+x86_64, r-oldrel-macos-x86_64, r-oldrel-windows-ix86+x86_64