CRAN Package Check Results for Package causalweight

Last updated on 2021-05-14 23:50:39 CEST.

Flavor Version Tinstall Tcheck Ttotal Status Flags
r-devel-linux-x86_64-debian-clang 1.0.1 17.42 124.62 142.04 OK
r-devel-linux-x86_64-debian-gcc 1.0.1 15.23 95.04 110.27 OK
r-devel-linux-x86_64-fedora-clang 1.0.1 187.74 NOTE
r-devel-linux-x86_64-fedora-gcc 1.0.1 178.37 NOTE
r-devel-windows-ix86+x86_64 1.0.1 34.00 114.00 148.00 OK
r-devel-windows-x86_64-gcc10-UCRT 1.0.1 NOTE
r-patched-linux-x86_64 1.0.1 14.09 119.52 133.61 OK
r-patched-solaris-x86 1.0.1 240.50 NOTE
r-release-linux-x86_64 1.0.1 13.18 115.08 128.26 OK
r-release-macos-x86_64 1.0.1 NOTE
r-release-windows-ix86+x86_64 1.0.1 23.00 135.00 158.00 OK
r-oldrel-macos-x86_64 1.0.1 NOTE
r-oldrel-windows-ix86+x86_64 1.0.1 20.00 162.00 182.00 OK

Check Details

Version: 1.0.1
Check: data for non-ASCII characters
Result: NOTE
     Note: found 1 marked UTF-8 string
Flavors: r-devel-linux-x86_64-fedora-clang, r-devel-linux-x86_64-fedora-gcc, r-devel-windows-x86_64-gcc10-UCRT, r-patched-solaris-x86, r-release-macos-x86_64, r-oldrel-macos-x86_64