Last updated on 2024-04-17 22:59:47 CEST.
Flavor | Version | Tinstall | Tcheck | Ttotal | Status | Flags |
---|---|---|---|---|---|---|
r-devel-linux-x86_64-debian-clang | 0.3.9 | 138.39 | 22.28 | 160.67 | OK | |
r-devel-linux-x86_64-debian-gcc | 0.3.9 | 108.38 | 17.53 | 125.91 | OK | |
r-devel-linux-x86_64-fedora-clang | 0.3.9 | 242.74 | OK | |||
r-devel-linux-x86_64-fedora-gcc | 0.3.9 | 220.19 | OK | |||
r-prerel-macos-arm64 | 0.3.9 | 44.00 | NOTE | |||
r-prerel-windows-x86_64 | 0.3.9 | 84.00 | 59.00 | 143.00 | OK | |
r-patched-linux-x86_64 | 0.3.9 | 135.01 | 21.80 | 156.81 | OK | |
r-release-linux-x86_64 | 0.3.9 | 139.45 | 21.72 | 161.17 | OK | |
r-release-macos-arm64 | 0.3.9 | 53.00 | NOTE | |||
r-release-macos-x86_64 | 0.3.9 | 106.00 | NOTE | |||
r-release-windows-x86_64 | 0.3.9 | 83.00 | 74.00 | 157.00 | OK | |
r-oldrel-macos-arm64 | 0.3.9 | 57.00 | NOTE | |||
r-oldrel-windows-x86_64 | 0.3.9 | 96.00 | 76.00 | 172.00 | OK |
Version: 0.3.9
Check: installed package size
Result: NOTE
installed size is 7.4Mb
sub-directories of 1Mb or more:
libs 7.3Mb
Flavors: r-prerel-macos-arm64, r-release-macos-arm64, r-release-macos-x86_64, r-oldrel-macos-arm64