Last updated on 2025-04-29 22:49:57 CEST.
Flavor | Version | Tinstall | Tcheck | Ttotal | Status | Flags |
---|---|---|---|---|---|---|
r-devel-linux-x86_64-debian-clang | 1.0.0 | 2.23 | 92.32 | 94.55 | NOTE | |
r-devel-linux-x86_64-debian-gcc | 1.0.0 | 1.58 | 58.37 | 59.95 | NOTE | |
r-devel-linux-x86_64-fedora-clang | 1.0.0 | 150.01 | OK | |||
r-devel-linux-x86_64-fedora-gcc | 1.0.0 | 164.16 | OK | |||
r-devel-windows-x86_64 | 1.0.0 | 3.00 | 102.00 | 105.00 | OK | |
r-patched-linux-x86_64 | 1.0.0 | 2.28 | 87.03 | 89.31 | OK | |
r-release-linux-x86_64 | 1.0.0 | 2.19 | 86.98 | 89.17 | OK | |
r-release-macos-arm64 | 1.0.0 | 46.00 | OK | |||
r-release-macos-x86_64 | 1.0.0 | 105.00 | OK | |||
r-release-windows-x86_64 | 1.0.0 | 3.00 | 101.00 | 104.00 | OK | |
r-oldrel-macos-arm64 | 1.0.0 | 47.00 | OK | |||
r-oldrel-macos-x86_64 | 1.0.0 | 94.00 | OK | |||
r-oldrel-windows-x86_64 | 1.0.0 | 3.00 | 124.00 | 127.00 | OK |
Version: 1.0.0
Check: examples
Result: NOTE
Examples with CPU (user + system) or elapsed time > 5s
user system elapsed
getCCM 7.396 0.161 10.143
Flavor: r-devel-linux-x86_64-debian-clang
Version: 1.0.0
Check: examples
Result: NOTE
Examples with CPU (user + system) or elapsed time > 5s
user system elapsed
getCCM 4.268 0.014 5.61
Flavor: r-devel-linux-x86_64-debian-gcc