CRAN Package Check Results for Package ceRtainty

Last updated on 2024-06-12 22:56:16 CEST.

Flavor Version Tinstall Tcheck Ttotal Status Flags
r-devel-linux-x86_64-debian-clang 1.0.0 5.33 53.14 58.47 OK
r-devel-linux-x86_64-debian-gcc 1.0.0 0.41 1.84 2.25 ERROR
r-devel-linux-x86_64-fedora-clang 1.0.0 74.36 NOTE
r-devel-linux-x86_64-fedora-gcc 1.0.0 82.09 NOTE
r-devel-windows-x86_64 1.0.0 6.00 74.00 80.00 OK
r-patched-linux-x86_64 1.0.0 4.29 50.32 54.61 OK
r-release-linux-x86_64 1.0.0 4.46 50.05 54.51 OK
r-release-macos-arm64 1.0.0 31.00 OK
r-release-macos-x86_64 1.0.0 48.00 OK
r-release-windows-x86_64 1.0.0 6.00 74.00 80.00 OK
r-oldrel-macos-arm64 1.0.0 34.00 OK
r-oldrel-macos-x86_64 1.0.0 45.00 OK
r-oldrel-windows-x86_64 1.0.0 7.00 77.00 84.00 OK

Check Details

Version: 1.0.0
Check: package dependencies
Result: ERROR Packages required but not available: 'dplyr', 'tidyr' See section ‘The DESCRIPTION file’ in the ‘Writing R Extensions’ manual. Flavor: r-devel-linux-x86_64-debian-gcc

Version: 1.0.0
Check: dependencies in R code
Result: NOTE Namespaces in Imports field not imported from: ‘base’ ‘stats’ ‘tidyr’ All declared Imports should be used. Flavors: r-devel-linux-x86_64-fedora-clang, r-devel-linux-x86_64-fedora-gcc