CRAN Package Check Results for Package cec2013

Last updated on 2020-02-22 22:47:42 CET.

Flavor Version Tinstall Tcheck Ttotal Status Flags
r-devel-linux-x86_64-debian-clang 0.1-5 6.41 16.76 23.17 OK
r-devel-linux-x86_64-debian-gcc 0.1-5 3.34 13.68 17.02 OK
r-devel-linux-x86_64-fedora-clang 0.1-5 27.83 NOTE
r-devel-linux-x86_64-fedora-gcc 0.1-5 25.22 NOTE
r-devel-windows-ix86+x86_64 0.1-5 11.00 31.00 42.00 NOTE
r-devel-windows-ix86+x86_64-gcc8 0.1-5 16.00 46.00 62.00 NOTE
r-patched-linux-x86_64 0.1-5 OK
r-patched-solaris-x86 0.1-5 41.50 NOTE
r-release-linux-x86_64 0.1-5 3.70 15.61 19.31 OK
r-release-windows-ix86+x86_64 0.1-5 12.00 46.00 58.00 NOTE
r-release-osx-x86_64 0.1-5 NOTE
r-oldrel-windows-ix86+x86_64 0.1-5 10.00 30.00 40.00 NOTE
r-oldrel-osx-x86_64 0.1-5 NOTE

Check Details

Version: 0.1-5
Check: installed package size
Result: NOTE
     installed size is 9.5Mb
     sub-directories of 1Mb or more:
     extdata 9.3Mb
Flavors: r-devel-linux-x86_64-fedora-clang, r-devel-windows-ix86+x86_64, r-devel-windows-ix86+x86_64-gcc8, r-patched-solaris-x86, r-release-windows-ix86+x86_64, r-release-osx-x86_64, r-oldrel-windows-ix86+x86_64, r-oldrel-osx-x86_64

Version: 0.1-5
Check: compiled code
Result: NOTE
    File ‘cec2013/libs/cec2013.so’:
     Found no calls to: ‘R_registerRoutines’, ‘R_useDynamicSymbols’
    
    It is good practice to register native routines and to disable symbol
    search.
    
    See ‘Writing portable packages’ in the ‘Writing R Extensions’ manual.
Flavors: r-devel-linux-x86_64-fedora-clang, r-devel-linux-x86_64-fedora-gcc