Last updated on 2024-04-24 23:00:16 CEST.
Flavor | Version | Tinstall | Tcheck | Ttotal | Status | Flags |
---|---|---|---|---|---|---|
r-devel-linux-x86_64-debian-clang | 0.1.0 | 7.54 | 57.53 | 65.07 | NOTE | |
r-devel-linux-x86_64-debian-gcc | 0.1.0 | 7.04 | 43.79 | 50.83 | NOTE | |
r-devel-linux-x86_64-fedora-clang | 0.1.0 | 87.49 | NOTE | |||
r-devel-linux-x86_64-fedora-gcc | 0.1.0 | 80.33 | NOTE | |||
r-devel-windows-x86_64 | 0.1.0 | 10.00 | 69.00 | 79.00 | OK | |
r-patched-linux-x86_64 | 0.1.0 | 9.25 | 55.56 | 64.81 | NOTE | |
r-release-linux-x86_64 | 0.1.0 | 9.09 | 57.47 | 66.56 | NOTE | |
r-release-macos-arm64 | 0.1.0 | 28.00 | OK | |||
r-release-macos-x86_64 | 0.1.0 | 48.00 | OK | |||
r-release-windows-x86_64 | 0.1.0 | 8.00 | 68.00 | 76.00 | OK | |
r-oldrel-macos-arm64 | 0.1.0 | 28.00 | OK | |||
r-oldrel-macos-x86_64 | 0.1.0 | 43.00 | OK | |||
r-oldrel-windows-x86_64 | 0.1.0 | 9.00 | 76.00 | 85.00 | OK |
Version: 0.1.0
Check: for non-standard things in the check directory
Result: NOTE
Found the following files/directories:
‘figure01ceg.pdf’ ‘figure02ceg.pdf’ ‘staged.tree.graph.pdf’
‘stratified-event-tree-plot.pdf’
Flavors: r-devel-linux-x86_64-debian-clang, r-devel-linux-x86_64-debian-gcc, r-devel-linux-x86_64-fedora-clang, r-devel-linux-x86_64-fedora-gcc, r-patched-linux-x86_64, r-release-linux-x86_64