CRAN Package Check Results for Package cellranger

Last updated on 2021-10-20 23:50:04 CEST.

Flavor Version Tinstall Tcheck Ttotal Status Flags
r-devel-linux-x86_64-debian-clang 1.1.0 3.10 29.76 32.86 NOTE
r-devel-linux-x86_64-debian-gcc 1.1.0 2.28 23.67 25.95 NOTE
r-devel-linux-x86_64-fedora-clang 1.1.0 50.62 NOTE
r-devel-linux-x86_64-fedora-gcc 1.1.0 39.99 NOTE
r-devel-windows-x86_64 1.1.0 7.00 50.00 57.00 NOTE
r-devel-windows-x86_64-gcc10-UCRT 1.1.0 NOTE
r-patched-linux-x86_64 1.1.0 3.48 28.85 32.33 NOTE
r-patched-solaris-x86 1.1.0 59.90 NOTE
r-release-linux-x86_64 1.1.0 2.67 28.96 31.63 NOTE
r-release-macos-arm64 1.1.0 NOTE
r-release-macos-x86_64 1.1.0 NOTE
r-release-windows-ix86+x86_64 1.1.0 5.00 49.00 54.00 NOTE
r-oldrel-macos-x86_64 1.1.0 OK
r-oldrel-windows-ix86+x86_64 1.1.0 7.00 54.00 61.00 OK

Check Details

Version: 1.1.0
Check: LazyData
Result: NOTE
     'LazyData' is specified without a 'data' directory
Flavors: r-devel-linux-x86_64-debian-clang, r-devel-linux-x86_64-debian-gcc, r-devel-linux-x86_64-fedora-clang, r-devel-linux-x86_64-fedora-gcc, r-devel-windows-x86_64, r-devel-windows-x86_64-gcc10-UCRT, r-patched-linux-x86_64, r-patched-solaris-x86, r-release-linux-x86_64, r-release-macos-arm64, r-release-macos-x86_64, r-release-windows-ix86+x86_64