CRAN Package Check Results for Package cem

Last updated on 2023-09-28 23:08:41 CEST.

Flavor Version Tinstall Tcheck Ttotal Status Flags
r-devel-linux-x86_64-debian-clang 1.1.31 10.23 97.08 107.31 OK
r-devel-linux-x86_64-debian-gcc 1.1.31 10.67 71.17 81.84 OK
r-devel-linux-x86_64-fedora-clang 1.1.31 140.95 OK
r-devel-linux-x86_64-fedora-gcc 1.1.31 145.82 OK
r-devel-windows-x86_64 1.1.31 11.00 106.00 117.00 OK
r-patched-linux-x86_64 1.1.31 14.78 95.13 109.91 OK
r-release-linux-x86_64 1.1.31 10.88 95.83 106.71 OK
r-release-macos-arm64 1.1.31 55.00 OK
r-release-macos-x86_64 1.1.31 82.00 NOTE
r-release-windows-x86_64 1.1.31 14.00 112.00 126.00 OK
r-oldrel-macos-arm64 1.1.31 83.00 OK
r-oldrel-macos-x86_64 1.1.31 100.00 OK
r-oldrel-windows-x86_64 1.1.31 14.00 117.00 131.00 OK

Check Details

Version: 1.1.31
Check: re-building of vignette outputs
Result: NOTE
    Error(s) in re-building vignettes:
    --- re-building ‘cem.Rnw’ using Sweave
    Loading required package: cem
    Loading required package: tcltk
    Loading required package: lattice
    
    How to use CEM? Type vignette("cem")
    
    Loading required package: Amelia
    Loading required package: Rcpp
    ##
    ## Amelia II: Multiple Imputation
    ## (Version 1.8.1, built: 2022-11-18)
    ## Copyright (C) 2005-2023 James Honaker, Gary King and Matthew Blackwell
    ## Refer to http://gking.harvard.edu/amelia/ for more information
    ##
    Error: processing vignette 'cem.Rnw' failed with diagnostics:
    Running 'texi2dvi' on 'cem.tex' failed.
    BibTeX errors:
    The top-level auxiliary file: cem.aux
    I couldn't open style file apsr.bst
    ---line 66 of file cem.aux
     : \bibstyle{apsr
     : }
    I'm skipping whatever remains of this command
    I found no style file---while reading file cem.aux
    --- failed re-building ‘cem.Rnw’
    
    SUMMARY: processing the following file failed:
     ‘cem.Rnw’
    
    Error: Vignette re-building failed.
    Execution halted
Flavor: r-release-macos-x86_64