CRAN Package Check Results for Package censusr

Last updated on 2021-12-07 22:59:26 CET.

Flavor Version Tinstall Tcheck Ttotal Status Flags
r-devel-linux-x86_64-debian-clang 0.0.4 3.97 51.82 55.79 NOTE
r-devel-linux-x86_64-debian-gcc 0.0.4 3.03 39.63 42.66 NOTE
r-devel-linux-x86_64-fedora-clang 0.0.4 69.98 NOTE
r-devel-linux-x86_64-fedora-gcc 0.0.4 57.74 NOTE
r-devel-windows-x86_64-new-UL 0.0.4 11.00 88.00 99.00 NOTE
r-devel-windows-x86_64-new-TK 0.0.4 NOTE
r-devel-windows-x86_64-old 0.0.4 8.00 66.00 74.00 NOTE
r-patched-linux-x86_64 0.0.4 4.49 48.03 52.52 NOTE
r-release-linux-x86_64 0.0.4 4.00 48.01 52.01 NOTE
r-release-macos-arm64 0.0.4 NOTE
r-release-macos-x86_64 0.0.4 NOTE
r-release-windows-ix86+x86_64 0.0.4 10.00 55.00 65.00 NOTE
r-oldrel-macos-x86_64 0.0.4 OK
r-oldrel-windows-ix86+x86_64 0.0.4 12.00 61.00 73.00 OK

Check Details

Version: 0.0.4
Check: LazyData
Result: NOTE
     'LazyData' is specified without a 'data' directory
Flavors: r-devel-linux-x86_64-debian-clang, r-devel-linux-x86_64-debian-gcc, r-devel-linux-x86_64-fedora-clang, r-devel-linux-x86_64-fedora-gcc, r-devel-windows-x86_64-new-UL, r-devel-windows-x86_64-new-TK, r-devel-windows-x86_64-old, r-patched-linux-x86_64, r-release-linux-x86_64, r-release-macos-arm64, r-release-macos-x86_64, r-release-windows-ix86+x86_64