CRAN Package Check Results for Package cgmquantify

Last updated on 2021-05-05 22:51:29 CEST.

Flavor Version Tinstall Tcheck Ttotal Status Flags
r-devel-linux-x86_64-debian-clang 0.1.0 2.60 32.83 35.43 NOTE
r-devel-linux-x86_64-debian-gcc 0.1.0 2.09 25.24 27.33 NOTE
r-devel-linux-x86_64-fedora-clang 0.1.0 53.11 NOTE
r-devel-linux-x86_64-fedora-gcc 0.1.0 42.19 NOTE
r-devel-windows-ix86+x86_64 0.1.0 9.00 53.00 62.00 NOTE
r-devel-windows-x86_64-gcc10-UCRT 0.1.0 NOTE
r-patched-linux-x86_64 0.1.0 2.69 31.35 34.04 NOTE
r-patched-solaris-x86 0.1.0 68.90 NOTE
r-release-linux-x86_64 0.1.0 2.52 31.12 33.64 OK
r-release-macos-x86_64 0.1.0 NOTE
r-release-windows-ix86+x86_64 0.1.0 6.00 40.00 46.00 OK
r-oldrel-macos-x86_64 0.1.0 NOTE
r-oldrel-windows-ix86+x86_64 0.1.0 5.00 52.00 57.00 OK

Check Details

Version: 0.1.0
Check: LazyData
Result: NOTE
     'LazyData' is specified without a 'data' directory
Flavors: r-devel-linux-x86_64-debian-clang, r-devel-linux-x86_64-debian-gcc, r-devel-linux-x86_64-fedora-clang, r-devel-linux-x86_64-fedora-gcc, r-devel-windows-ix86+x86_64, r-devel-windows-x86_64-gcc10-UCRT, r-patched-linux-x86_64

Version: 0.1.0
Check: dependencies in R code
Result: NOTE
    Namespace in Imports field not imported from: ‘tidyverse’
     All declared Imports should be used.
Flavors: r-devel-linux-x86_64-fedora-clang, r-devel-linux-x86_64-fedora-gcc, r-devel-windows-x86_64-gcc10-UCRT, r-patched-solaris-x86, r-release-macos-x86_64, r-oldrel-macos-x86_64