CRAN Package Check Results for Package cgwtools

Last updated on 2021-07-31 22:53:23 CEST.

Flavor Version Tinstall Tcheck Ttotal Status Flags
r-devel-linux-x86_64-debian-clang 3.3 2.94 29.95 32.89 OK
r-devel-linux-x86_64-debian-gcc 3.3 2.35 23.38 25.73 OK
r-devel-linux-x86_64-fedora-clang 3.3 48.93 NOTE
r-devel-linux-x86_64-fedora-gcc 3.3 37.80 OK
r-devel-windows-x86_64 3.3 5.00 48.00 53.00 OK
r-devel-windows-x86_64-gcc10-UCRT 3.3 OK
r-patched-linux-x86_64 3.3 OK
r-patched-solaris-x86 3.3 59.70 OK
r-release-linux-x86_64 3.3 3.20 28.59 31.79 OK
r-release-macos-arm64 3.3 OK
r-release-macos-x86_64 3.3 OK
r-release-windows-ix86+x86_64 3.3 9.00 39.00 48.00 OK
r-oldrel-macos-x86_64 3.3 OK
r-oldrel-windows-ix86+x86_64 3.3 10.00 48.00 58.00 OK

Check Details

Version: 3.3
Check: Rd cross-references
Result: NOTE
    Undeclared packages ‘dplyr’, ‘matrixStats’, ‘filesstrings’, ‘pracma’, ‘sf’, ‘rgeos’ in Rd xrefs
Flavor: r-devel-linux-x86_64-fedora-clang