CRAN Package Check Results for Package checkpoint

Last updated on 2022-07-05 22:50:19 CEST.

Flavor Version Tinstall Tcheck Ttotal Status Flags
r-devel-linux-x86_64-debian-clang 1.0.2 2.21 28.49 30.70 NOTE
r-devel-linux-x86_64-debian-gcc 1.0.2 2.09 22.47 24.56 NOTE
r-devel-linux-x86_64-fedora-clang 1.0.2 50.14 NOTE
r-devel-linux-x86_64-fedora-gcc 1.0.2 48.94 NOTE
r-devel-windows-x86_64 1.0.2 31.00 58.00 89.00 OK
r-patched-linux-x86_64 1.0.2 5.38 28.52 33.90 NOTE
r-release-linux-x86_64 1.0.2 2.42 27.97 30.39 NOTE
r-release-macos-arm64 1.0.2 18.00 NOTE
r-release-macos-x86_64 1.0.2 33.00 NOTE
r-release-windows-x86_64 1.0.2 5.00 55.00 60.00 OK
r-oldrel-macos-arm64 1.0.2 15.00 NOTE
r-oldrel-macos-x86_64 1.0.2 23.00 NOTE
r-oldrel-windows-ix86+x86_64 1.0.2 6.00 45.00 51.00 OK

Check Details

Version: 1.0.2
Check: package dependencies
Result: NOTE
    Package suggested but not available for checking: 'darts'
Flavors: r-devel-linux-x86_64-debian-clang, r-devel-linux-x86_64-debian-gcc, r-devel-linux-x86_64-fedora-clang, r-devel-linux-x86_64-fedora-gcc, r-patched-linux-x86_64, r-release-linux-x86_64, r-release-macos-x86_64

Version: 1.0.2
Check: dependencies in R code
Result: NOTE
    Namespace in Imports field not imported from: ‘jsonlite’
     All declared Imports should be used.
Flavors: r-devel-linux-x86_64-fedora-clang, r-devel-linux-x86_64-fedora-gcc, r-release-macos-arm64, r-release-macos-x86_64, r-oldrel-macos-arm64, r-oldrel-macos-x86_64