CRAN Package Check Results for Package checkr

Last updated on 2021-06-22 22:56:31 CEST.

Flavor Version Tinstall Tcheck Ttotal Status Flags
r-devel-linux-x86_64-debian-clang 0.5.0 4.72 41.52 46.24 NOTE
r-devel-linux-x86_64-debian-gcc 0.5.0 3.29 31.94 35.23 NOTE
r-devel-linux-x86_64-fedora-clang 0.5.0 63.39 NOTE
r-devel-linux-x86_64-fedora-gcc 0.5.0 53.75 NOTE
r-devel-windows-x86_64 0.5.0 6.00 62.00 68.00 NOTE
r-devel-windows-x86_64-gcc10-UCRT 0.5.0 NOTE
r-patched-linux-x86_64 0.5.0 5.15 40.05 45.20 NOTE
r-patched-solaris-x86 0.5.0 73.90 NOTE
r-release-linux-x86_64 0.5.0 3.98 40.00 43.98 NOTE
r-release-macos-arm64 0.5.0 NOTE
r-release-macos-x86_64 0.5.0 NOTE
r-release-windows-ix86+x86_64 0.5.0 7.00 48.00 55.00 NOTE
r-oldrel-macos-x86_64 0.5.0 OK

Check Details

Version: 0.5.0
Check: LazyData
Result: NOTE
     'LazyData' is specified without a 'data' directory
Flavors: r-devel-linux-x86_64-debian-clang, r-devel-linux-x86_64-debian-gcc, r-devel-linux-x86_64-fedora-clang, r-devel-linux-x86_64-fedora-gcc, r-devel-windows-x86_64, r-devel-windows-x86_64-gcc10-UCRT, r-patched-linux-x86_64, r-patched-solaris-x86, r-release-linux-x86_64, r-release-macos-arm64, r-release-macos-x86_64, r-release-windows-ix86+x86_64

Version: 0.5.0
Check: package dependencies
Result: NOTE
    Package suggested but not available for checking: 'covr'
Flavor: r-devel-windows-x86_64-gcc10-UCRT