CRAN Package Check Results for Package cheem

Last updated on 2022-08-12 22:55:53 CEST.

Flavor Version Tinstall Tcheck Ttotal Status Flags
r-devel-linux-x86_64-debian-clang 0.2.0 41.14 160.39 201.53 WARN
r-devel-linux-x86_64-debian-gcc 0.2.0 26.98 99.05 126.03 ERROR
r-devel-linux-x86_64-fedora-clang 0.2.0 247.51 WARN
r-devel-linux-x86_64-fedora-gcc 0.2.0 238.70 NOTE
r-devel-windows-x86_64 0.2.0 121.00 214.00 335.00 OK
r-patched-linux-x86_64 0.2.0 24.17 145.14 169.31 OK
r-release-linux-x86_64 0.2.0 23.95 148.55 172.50 OK
r-release-macos-arm64 0.2.0 77.00 NOTE
r-release-macos-x86_64 0.2.0 121.00 NOTE
r-release-windows-x86_64 0.2.0 97.00 208.00 305.00 OK
r-oldrel-macos-arm64 0.2.0 87.00 NOTE
r-oldrel-macos-x86_64 0.2.0 89.00 NOTE
r-oldrel-windows-ix86+x86_64 0.2.0 96.00 326.00 422.00 OK

Additional issues

clang14

Check Details

Version: 0.2.0
Check: whether package can be installed
Result: WARN
    Found the following significant warnings:
     treeshap.cpp:148:9: warning: use of bitwise '|' with boolean operands [-Wbitwise-instead-of-logical]
Flavors: r-devel-linux-x86_64-debian-clang, r-devel-linux-x86_64-fedora-clang

Version: 0.2.0
Check: package dependencies
Result: NOTE
    Package suggested but not available for checking: ‘gbm’
Flavor: r-devel-linux-x86_64-debian-gcc

Version: 0.2.0
Check: examples
Result: ERROR
    Running examples in ‘cheem-Ex.R’ failed
    The error most likely occurred in:
    
    > base::assign(".ptime", proc.time(), pos = "CheckExEnv")
    > ### Name: gbm.unify
    > ### Title: Unify GBM model
    > ### Aliases: gbm.unify
    >
    > ### ** Examples
    >
    > library(cheem)
    >
    > ## Regression setup:
    > dat <- amesHousing2018_NorthAmes
    > X <- dat[, 1:9]
    > Y <- dat$SalePrice
    > clas <- dat$SubclassMS
    >
    > ## Fit a model:
    > gbm_model <- gbm::gbm(
    + formula = Y ~ .,
    + data = data.frame(X, Y),
    + distribution = "gaussian",
    + n.trees = 50,
    + interaction.depth = 4,
    + n.cores = 1)
    Error in loadNamespace(x) : there is no package called ‘gbm’
    Calls: loadNamespace -> withRestarts -> withOneRestart -> doWithOneRestart
    Execution halted
Flavor: r-devel-linux-x86_64-debian-gcc

Version: 0.2.0
Check: dependencies in R code
Result: NOTE
    Namespaces in Imports field not imported from:
     ‘DT’ ‘shinycssloaders’ ‘shinythemes’
     All declared Imports should be used.
Flavors: r-devel-linux-x86_64-fedora-clang, r-devel-linux-x86_64-fedora-gcc, r-release-macos-arm64, r-release-macos-x86_64, r-oldrel-macos-arm64, r-oldrel-macos-x86_64