CRAN Package Check Results for Package chemometrics

Last updated on 2021-12-05 22:48:47 CET.

Flavor Version Tinstall Tcheck Ttotal Status Flags
r-devel-linux-x86_64-debian-clang 1.4.2 8.85 153.12 161.97 NOTE
r-devel-linux-x86_64-debian-gcc 1.4.2 5.59 112.93 118.52 NOTE
r-devel-linux-x86_64-fedora-clang 1.4.2 199.22 NOTE
r-devel-linux-x86_64-fedora-gcc 1.4.2 185.52 NOTE
r-devel-windows-x86_64-new-UL 1.4.2 18.00 243.00 261.00 OK
r-devel-windows-x86_64-new-TK 1.4.2 OK
r-devel-windows-x86_64-old 1.4.2 11.00 137.00 148.00 OK
r-patched-linux-x86_64 1.4.2 10.02 138.24 148.26 NOTE
r-release-linux-x86_64 1.4.2 7.40 146.80 154.20 NOTE
r-release-macos-arm64 1.4.2 OK
r-release-macos-x86_64 1.4.2 OK
r-release-windows-ix86+x86_64 1.4.2 13.00 175.00 188.00 OK
r-oldrel-macos-x86_64 1.4.2 OK
r-oldrel-windows-ix86+x86_64 1.4.2 12.00 180.00 192.00 OK

Check Details

Version: 1.4.2
Check: for non-standard things in the check directory
Result: NOTE
    Found the following files/directories:
     'stepres00.txt'
Flavors: r-devel-linux-x86_64-debian-clang, r-devel-linux-x86_64-debian-gcc, r-devel-linux-x86_64-fedora-clang, r-devel-linux-x86_64-fedora-gcc, r-patched-linux-x86_64, r-release-linux-x86_64