CRAN Package Check Results for Package chemometrics

Last updated on 2021-08-04 22:55:07 CEST.

Flavor Version Tinstall Tcheck Ttotal Status Flags
r-devel-linux-x86_64-debian-clang 1.4.2 8.36 150.35 158.71 NOTE
r-devel-linux-x86_64-debian-gcc 1.4.2 5.45 111.69 117.14 NOTE
r-devel-linux-x86_64-fedora-clang 1.4.2 195.44 NOTE
r-devel-linux-x86_64-fedora-gcc 1.4.2 186.34 NOTE
r-devel-windows-x86_64 1.4.2 9.00 181.00 190.00 OK
r-devel-windows-x86_64-gcc10-UCRT 1.4.2 OK
r-patched-linux-x86_64 1.4.2 8.45 144.49 152.94 NOTE
r-patched-solaris-x86 1.4.2 263.10 NOTE
r-release-linux-x86_64 1.4.2 7.57 144.92 152.49 NOTE
r-release-macos-arm64 1.4.2 OK
r-release-macos-x86_64 1.4.2 OK
r-release-windows-ix86+x86_64 1.4.2 13.00 128.00 141.00 OK
r-oldrel-macos-x86_64 1.4.2 OK
r-oldrel-windows-ix86+x86_64 1.4.2 9.00 171.00 180.00 OK

Check Details

Version: 1.4.2
Check: for non-standard things in the check directory
Result: NOTE
    Found the following files/directories:
     'stepres00.txt'
Flavors: r-devel-linux-x86_64-debian-clang, r-devel-linux-x86_64-debian-gcc, r-devel-linux-x86_64-fedora-clang, r-devel-linux-x86_64-fedora-gcc, r-patched-linux-x86_64, r-patched-solaris-x86, r-release-linux-x86_64