CRAN Package Check Results for Package chillR

Last updated on 2020-02-24 22:50:19 CET.

Flavor Version Tinstall Tcheck Ttotal Status Flags
r-devel-linux-x86_64-debian-clang 0.70.21 25.88 229.24 255.12 OK
r-devel-linux-x86_64-debian-gcc 0.70.21 19.24 167.42 186.66 OK
r-devel-linux-x86_64-fedora-clang 0.70.21 301.77 WARN
r-devel-linux-x86_64-fedora-gcc 0.70.21 312.88 WARN
r-devel-windows-ix86+x86_64 0.70.21 37.00 241.00 278.00 OK
r-devel-windows-ix86+x86_64-gcc8 0.70.21 60.00 339.00 399.00 OK
r-patched-linux-x86_64 0.70.21 20.20 198.48 218.68 OK
r-patched-solaris-x86 0.70.21 375.40 OK
r-release-linux-x86_64 0.70.21 22.75 196.58 219.33 OK
r-release-windows-ix86+x86_64 0.70.21 36.00 218.00 254.00 OK
r-release-osx-x86_64 0.70.21 OK
r-oldrel-windows-ix86+x86_64 0.70.21 27.00 228.00 255.00 OK
r-oldrel-osx-x86_64 0.70.21 OK

Check Details

Version: 0.70.21
Check: whether package can be installed
Result: WARN
    Found the following significant warnings:
     Warning: namespace ‘rgdal’ is not available and has been replaced
Flavors: r-devel-linux-x86_64-fedora-clang, r-devel-linux-x86_64-fedora-gcc