CRAN Package Check Results for Package chillR

Last updated on 2019-09-17 22:48:03 CEST.

Flavor Version Tinstall Tcheck Ttotal Status Flags
r-devel-linux-x86_64-debian-clang 0.70.17 20.06 206.40 226.46 NOTE
r-devel-linux-x86_64-debian-gcc 0.70.17 17.73 154.28 172.01 NOTE
r-devel-linux-x86_64-fedora-clang 0.70.17 277.43 NOTE
r-devel-linux-x86_64-fedora-gcc 0.70.17 265.21 NOTE
r-devel-windows-ix86+x86_64 0.70.17 63.00 294.00 357.00 OK
r-patched-linux-x86_64 0.70.17 20.52 201.20 221.72 OK
r-patched-solaris-x86 0.70.17 370.30 OK
r-release-linux-x86_64 0.70.17 21.15 199.74 220.89 OK
r-release-windows-ix86+x86_64 0.70.17 33.00 220.00 253.00 OK
r-release-osx-x86_64 0.70.17 OK
r-oldrel-windows-ix86+x86_64 0.70.17 39.00 277.00 316.00 OK
r-oldrel-osx-x86_64 0.70.17 OK

Check Details

Version: 0.70.17
Check: for non-standard things in the check directory
Result: NOTE
    Found the following files/directories:
     'KA1.csv' 'KA2.csv' 'KA3.csv' 'KA4.csv' 'PLS_output' 'PLS_output.csv'
     'PLS_output.png' 'PLS_output_Chill_Portions_GDH.csv'
     'PLS_output_Chill_Portions_GDH.png'
     'PLS_output_Chilling_Hours_GDH.csv'
     'PLS_output_Chilling_Hours_GDH.png'
     'PLS_output_Utah_Chill_Units_GDH.csv'
     'PLS_output_Utah_Chill_Units_GDH.png' 'chillRtempdirectory'
     'daily_chill_unit_accumulation_Chill_Portions.png'
     'pheno_trend_plot.csv' 'pheno_trend_plot.png'
     'temperatures_1_Element1.csv' 'temperatures_2_Element2.csv'
Flavors: r-devel-linux-x86_64-debian-clang, r-devel-linux-x86_64-debian-gcc, r-devel-linux-x86_64-fedora-clang, r-devel-linux-x86_64-fedora-gcc