Last updated on 2024-04-18 22:52:34 CEST.
Flavor | Version | Tinstall | Tcheck | Ttotal | Status | Flags |
---|---|---|---|---|---|---|
r-devel-linux-x86_64-debian-clang | 0.75 | 52.58 | 317.89 | 370.47 | OK | |
r-devel-linux-x86_64-debian-gcc | 0.75 | 33.05 | 225.67 | 258.72 | OK | |
r-devel-linux-x86_64-fedora-clang | 0.75 | 474.98 | NOTE | |||
r-devel-linux-x86_64-fedora-gcc | 0.75 | 481.69 | OK | |||
r-prerel-macos-arm64 | 0.75 | 121.00 | OK | |||
r-prerel-windows-x86_64 | 0.75 | 43.00 | 276.00 | 319.00 | OK | |
r-patched-linux-x86_64 | 0.75 | 46.73 | 298.33 | 345.06 | OK | |
r-release-linux-x86_64 | 0.75 | 46.76 | 300.58 | 347.34 | OK | |
r-release-macos-arm64 | 0.75 | 123.00 | OK | |||
r-release-macos-x86_64 | 0.75 | 315.00 | OK | |||
r-release-windows-x86_64 | 0.75 | 53.00 | 349.00 | 402.00 | OK | |
r-oldrel-macos-arm64 | 0.75 | 108.00 | OK | |||
r-oldrel-windows-x86_64 | 0.75 | 54.00 | 324.00 | 378.00 | OK |
Version: 0.75
Check: package dependencies
Result: NOTE
Imports includes 29 non-default packages.
Importing from so many packages makes the package vulnerable to any of
them becoming unavailable. Move as many as possible to Suggests and
use conditionally.
Flavor: r-devel-linux-x86_64-fedora-clang