CRAN Package Check Results for Package chk

Last updated on 2021-09-20 01:48:30 CEST.

Flavor Version Tinstall Tcheck Ttotal Status Flags
r-devel-linux-x86_64-debian-clang 0.7.0 5.49 56.10 61.59 OK
r-devel-linux-x86_64-debian-gcc 0.7.0 4.01 43.16 47.17 OK
r-devel-linux-x86_64-fedora-clang 0.7.0 80.40 OK
r-devel-linux-x86_64-fedora-gcc 0.7.0 71.04 OK
r-devel-windows-x86_64 0.7.0 6.00 63.00 69.00 OK
r-devel-windows-x86_64-gcc10-UCRT 0.7.0 ERROR
r-patched-linux-x86_64 0.7.0 7.17 54.23 61.40 OK
r-patched-solaris-x86 0.7.0 96.00 OK
r-release-linux-x86_64 0.7.0 5.22 54.55 59.77 OK
r-release-macos-arm64 0.7.0 OK
r-release-macos-x86_64 0.7.0 OK
r-release-windows-ix86+x86_64 0.7.0 9.00 63.00 72.00 OK
r-oldrel-macos-x86_64 0.7.0 OK
r-oldrel-windows-ix86+x86_64 0.7.0 9.00 92.00 101.00 OK

Check Details

Version: 0.7.0
Check: whether package can be installed
Result: WARN
    Found the following significant warnings:
     WARNING: installation-time patches will not be applied, could not get the patches index
Flavor: r-devel-windows-x86_64-gcc10-UCRT

Version: 0.7.0
Check: PDF version of manual
Result: WARN
    LaTeX errors when creating PDF version.
    This typically indicates Rd problems.
Flavor: r-devel-windows-x86_64-gcc10-UCRT

Version: 0.7.0
Check: PDF version of manual without hyperrefs or index
Result: ERROR
    Re-running with no redirection of stdout/stderr.
Flavor: r-devel-windows-x86_64-gcc10-UCRT