Last updated on 2023-09-25 22:12:34 CEST.
Flavor | Version | Tinstall | Tcheck | Ttotal | Status | Flags |
---|---|---|---|---|---|---|
r-devel-linux-x86_64-debian-clang | 2023.1-30 | 83.82 | 228.10 | 311.92 | NOTE | |
r-devel-linux-x86_64-debian-gcc | 2023.1-30 | 62.50 | 168.60 | 231.10 | NOTE | |
r-devel-linux-x86_64-fedora-clang | 2023.1-30 | 423.25 | NOTE | |||
r-devel-linux-x86_64-fedora-gcc | 2023.1-30 | 418.00 | NOTE | |||
r-devel-windows-x86_64 | 2023.1-30 | 68.00 | 198.00 | 266.00 | NOTE | |
r-patched-linux-x86_64 | 2023.1-30 | 79.04 | 223.69 | 302.73 | OK | |
r-release-linux-x86_64 | 2023.1-30 | 60.89 | 221.91 | 282.80 | OK | |
r-release-macos-arm64 | 2023.1-30 | 112.00 | OK | |||
r-release-macos-x86_64 | 2023.1-30 | 196.00 | OK | |||
r-release-windows-x86_64 | 2023.1-30 | 88.00 | 239.00 | 327.00 | OK | |
r-oldrel-macos-arm64 | 2023.1-30 | 86.00 | OK | |||
r-oldrel-macos-x86_64 | 2023.1-30 | 129.00 | OK | |||
r-oldrel-windows-x86_64 | 2023.1-30 | 82.00 | 230.00 | 312.00 | OK |
Version: 2023.1-30
Check: Rd contents
Result: NOTE
Argument items with no description in Rd object 'chngpt.test':
‘by.percentile’ ‘both’ ‘main’ ‘prec.weights’ ‘p.val.method’ ‘boot.B’
‘keep.fits’
Argument items with no description in Rd object 'convert.coef predictx threshold.func':
‘include.intercept’ ‘coef.0’ ‘threshold.type’ ‘get.simultaneous’
‘return.boot’ ‘fit’ ‘boot.ci.type’ ‘alpha’ ‘verbose’ ‘coef’ ‘xx’
‘x.name’
Argument items with no description in Rd object 'double.hinge':
‘object’ ‘x’ ‘y’ ‘lower.y’ ‘upper.y’ ‘var.type’ ‘boot.ci.type’
‘ci.bootstrap.size’ ‘alpha’ ‘save.boot’ ‘ncpus’ ‘lcol’ ‘lwd’ ‘which’
‘xlim’ ‘lty’ ‘add.points’ ‘add.ci’ ‘breaks’ ‘mark.chngpt’ ‘xlab’
‘ylab’
Argument items with no description in Rd object 'hinge.test':
‘formula’ ‘cov.interest’ ‘family’ ‘data’ ‘verbose’
Argument items with no description in Rd object 'performance.unit.test':
‘formula.1’ ‘formula.2’ ‘family’ ‘data’ ‘B’ ‘I’
Argument items with no description in Rd object 'sim.chngpt':
‘n’ ‘mu.z’ ‘seed’ ‘weighted’ ‘beta’ ‘e.’ ‘b.transition’ ‘sd’ ‘e’
‘beta_e’ ‘f’ ‘beta_f’ ‘logistic.slope’ ‘gamma’
Argument items with no description in Rd object 'sim.hinge':
‘threshold.type’ ‘family’ ‘thres’ ‘X.ditr’ ‘mu.X’ ‘coef.X’ ‘cov.X’
‘eps.sd’ ‘seed’ ‘n’
Flavors: r-devel-linux-x86_64-debian-clang, r-devel-linux-x86_64-debian-gcc, r-devel-linux-x86_64-fedora-clang, r-devel-linux-x86_64-fedora-gcc, r-devel-windows-x86_64