Last updated on 2025-04-29 22:49:57 CEST.
Flavor | Version | Tinstall | Tcheck | Ttotal | Status | Flags |
---|---|---|---|---|---|---|
r-devel-linux-x86_64-debian-clang | 0.9.0 | 41.76 | 302.90 | 344.66 | NOTE | |
r-devel-linux-x86_64-debian-gcc | 0.9.0 | 27.41 | 184.89 | 212.30 | OK | |
r-devel-linux-x86_64-fedora-clang | 0.9.0 | 595.34 | OK | |||
r-devel-linux-x86_64-fedora-gcc | 0.9.0 | 583.46 | OK | |||
r-devel-windows-x86_64 | 0.9.0 | 41.00 | 266.00 | 307.00 | OK | |
r-patched-linux-x86_64 | 0.9.0 | 42.52 | 283.04 | 325.56 | OK | |
r-release-linux-x86_64 | 0.9.0 | 35.16 | 283.36 | 318.52 | OK | |
r-release-macos-arm64 | 0.9.0 | 174.00 | OK | |||
r-release-macos-x86_64 | 0.9.0 | 286.00 | OK | |||
r-release-windows-x86_64 | 0.9.0 | 42.00 | 246.00 | 288.00 | OK | |
r-oldrel-macos-arm64 | 0.9.0 | 119.00 | OK | |||
r-oldrel-macos-x86_64 | 0.9.0 | 261.00 | OK | |||
r-oldrel-windows-x86_64 | 0.9.0 | 54.00 | 366.00 | 420.00 | OK |
Version: 0.9.0
Check: examples
Result: NOTE
Examples with CPU (user + system) or elapsed time > 5s
user system elapsed
streetNameLocator 4.447 0.080 5.426
segmentLocator 4.313 0.102 5.917
streetNumberLocator 4.066 0.000 5.351
Flavor: r-devel-linux-x86_64-debian-clang