CRAN Package Check Results for Package cholera

Last updated on 2022-08-07 22:53:56 CEST.

Flavor Version Tinstall Tcheck Ttotal Status Flags
r-devel-linux-x86_64-debian-clang 0.7.9 17.38 221.70 239.08 OK
r-devel-linux-x86_64-debian-gcc 0.7.9 14.42 157.60 172.02 OK
r-devel-linux-x86_64-fedora-clang 0.7.9 278.44 NOTE
r-devel-linux-x86_64-fedora-gcc 0.7.9 272.80 NOTE
r-devel-windows-x86_64 0.7.9 91.00 189.00 280.00 OK
r-patched-linux-x86_64 0.7.9 16.14 201.35 217.49 OK
r-release-linux-x86_64 0.7.9 16.32 201.79 218.11 OK
r-release-macos-arm64 0.7.9 63.00 NOTE
r-release-macos-x86_64 0.7.9 132.00 NOTE
r-release-windows-x86_64 0.7.9 77.00 246.00 323.00 OK
r-oldrel-macos-arm64 0.7.9 82.00 NOTE
r-oldrel-macos-x86_64 0.7.9 95.00 NOTE
r-oldrel-windows-ix86+x86_64 0.7.9 33.00 251.00 284.00 OK

Check Details

Version: 0.7.9
Check: dependencies in R code
Result: NOTE
    Namespace in Imports field not imported from: ‘raster’
     All declared Imports should be used.
Flavors: r-devel-linux-x86_64-fedora-clang, r-devel-linux-x86_64-fedora-gcc, r-release-macos-arm64, r-release-macos-x86_64, r-oldrel-macos-arm64, r-oldrel-macos-x86_64