CRAN Package Check Results for Package chorrrds

Last updated on 2021-11-26 23:03:19 CET.

Flavor Version Tinstall Tcheck Ttotal Status Flags
r-devel-linux-x86_64-debian-clang 0.1.9.5 7.42 44.91 52.33 OK
r-devel-linux-x86_64-debian-gcc 0.1.9.5 6.57 36.63 43.20 OK
r-devel-linux-x86_64-fedora-clang 0.1.9.5 81.39 NOTE
r-devel-linux-x86_64-fedora-gcc 0.1.9.5 64.68 NOTE
r-devel-windows-x86_64-new-UL 0.1.9.5 15.00 96.00 111.00 OK
r-devel-windows-x86_64-new-TK 0.1.9.5 NOTE
r-devel-windows-x86_64-old 0.1.9.5 9.00 60.00 69.00 OK
r-patched-linux-x86_64 0.1.9.5 7.66 44.05 51.71 OK
r-patched-solaris-x86 0.1.9.5 105.10 NOTE
r-release-linux-x86_64 0.1.9.5 OK
r-release-macos-arm64 0.1.9.5 NOTE
r-release-macos-x86_64 0.1.9.5 NOTE
r-release-windows-ix86+x86_64 0.1.9.5 16.00 51.00 67.00 OK
r-oldrel-macos-x86_64 0.1.9.5 NOTE
r-oldrel-windows-ix86+x86_64 0.1.9.5 24.00 69.00 93.00 OK

Check Details

Version: 0.1.9.5
Check: dependencies in R code
Result: NOTE
    Namespace in Imports field not imported from: ‘forcats’
     All declared Imports should be used.
Flavors: r-devel-linux-x86_64-fedora-clang, r-devel-linux-x86_64-fedora-gcc, r-devel-windows-x86_64-new-TK, r-patched-solaris-x86, r-release-macos-arm64, r-release-macos-x86_64, r-oldrel-macos-x86_64

Version: 0.1.9.5
Check: data for non-ASCII characters
Result: NOTE
     Note: found 4004 marked UTF-8 strings
Flavors: r-devel-linux-x86_64-fedora-clang, r-devel-linux-x86_64-fedora-gcc, r-devel-windows-x86_64-new-TK, r-patched-solaris-x86, r-release-macos-arm64, r-release-macos-x86_64, r-oldrel-macos-x86_64