CRAN Package Check Results for Package chronicle

Last updated on 2021-06-11 22:54:04 CEST.

Flavor Version Tinstall Tcheck Ttotal Status Flags
r-devel-linux-x86_64-debian-clang 0.2.5 6.15 55.13 61.28 NOTE
r-devel-linux-x86_64-debian-gcc 0.2.5 4.46 40.35 44.81 NOTE
r-devel-linux-x86_64-fedora-clang 0.2.5 80.14 NOTE
r-devel-linux-x86_64-fedora-gcc 0.2.5 70.23 NOTE
r-devel-windows-x86_64 0.2.5 10.00 76.00 86.00 NOTE
r-devel-windows-x86_64-gcc10-UCRT 0.2.5 NOTE
r-patched-linux-x86_64 0.2.5 6.63 51.55 58.18 NOTE
r-patched-solaris-x86 0.2.5 94.80 NOTE
r-release-linux-x86_64 0.2.5 4.44 51.11 55.55 NOTE
r-release-macos-arm64 0.2.5 NOTE
r-release-macos-x86_64 0.2.5 NOTE
r-release-windows-ix86+x86_64 0.2.5 12.00 73.00 85.00 NOTE
r-oldrel-macos-x86_64 0.2.5 NOTE
r-oldrel-windows-ix86+x86_64 0.2.5 14.00 79.00 93.00 OK

Check Details

Version: 0.2.5
Check: LazyData
Result: NOTE
     'LazyData' is specified without a 'data' directory
Flavors: r-devel-linux-x86_64-debian-clang, r-devel-linux-x86_64-debian-gcc, r-devel-linux-x86_64-fedora-clang, r-devel-linux-x86_64-fedora-gcc, r-devel-windows-x86_64, r-devel-windows-x86_64-gcc10-UCRT, r-patched-linux-x86_64, r-patched-solaris-x86, r-release-linux-x86_64, r-release-macos-arm64, r-release-macos-x86_64, r-release-windows-ix86+x86_64

Version: 0.2.5
Check: dependencies in R code
Result: NOTE
    Namespaces in Imports field not imported from:
     ‘DT’ ‘knitr’ ‘prettydoc’ ‘rmdformats’ ‘skimr’
     All declared Imports should be used.
Flavors: r-devel-linux-x86_64-fedora-clang, r-devel-linux-x86_64-fedora-gcc, r-devel-windows-x86_64-gcc10-UCRT, r-patched-solaris-x86, r-release-macos-arm64, r-release-macos-x86_64, r-oldrel-macos-x86_64