Last updated on 2024-04-25 22:49:02 CEST.
Flavor | Version | Tinstall | Tcheck | Ttotal | Status | Flags |
---|---|---|---|---|---|---|
r-devel-linux-x86_64-debian-clang | 0.0.1 | 1.29 | 32.35 | 33.64 | NOTE | |
r-devel-linux-x86_64-debian-gcc | 0.0.1 | 1.71 | 25.13 | 26.84 | NOTE | |
r-devel-linux-x86_64-fedora-clang | 0.0.1 | 46.47 | NOTE | |||
r-devel-linux-x86_64-fedora-gcc | 0.0.1 | 60.42 | NOTE | |||
r-devel-windows-x86_64 | 0.0.1 | 3.00 | 47.00 | 50.00 | NOTE | |
r-patched-linux-x86_64 | 0.0.1 | 2.17 | 31.55 | 33.72 | NOTE | |
r-release-linux-x86_64 | 0.0.1 | 1.97 | 30.00 | 31.97 | NOTE | |
r-release-macos-arm64 | 0.0.1 | 27.00 | NOTE | |||
r-release-windows-x86_64 | 0.0.1 | 3.00 | 47.00 | 50.00 | NOTE | |
r-oldrel-macos-arm64 | 0.0.1 | 27.00 | NOTE | |||
r-oldrel-macos-x86_64 | 0.0.1 | 36.00 | NOTE | |||
r-oldrel-windows-x86_64 | 0.0.1 | 3.00 | 47.00 | 50.00 | NOTE |
Version: 0.0.1
Check: LazyData
Result: NOTE
'LazyData' is specified without a 'data' directory
Flavors: r-devel-linux-x86_64-debian-clang, r-devel-linux-x86_64-debian-gcc, r-devel-linux-x86_64-fedora-clang, r-devel-linux-x86_64-fedora-gcc, r-devel-windows-x86_64, r-patched-linux-x86_64, r-release-linux-x86_64, r-release-macos-arm64, r-release-windows-x86_64, r-oldrel-macos-arm64, r-oldrel-macos-x86_64, r-oldrel-windows-x86_64