Last updated on 2024-04-18 22:52:34 CEST.
Flavor | Version | Tinstall | Tcheck | Ttotal | Status | Flags |
---|---|---|---|---|---|---|
r-devel-linux-x86_64-debian-clang | 0.6.1 | 11.85 | 336.04 | 347.89 | NOTE | |
r-devel-linux-x86_64-debian-gcc | 0.6.1 | 10.52 | 253.84 | 264.36 | NOTE | |
r-devel-linux-x86_64-fedora-clang | 0.6.1 | 460.02 | NOTE | |||
r-devel-linux-x86_64-fedora-gcc | 0.6.1 | 471.95 | NOTE | |||
r-prerel-macos-arm64 | 0.6.1 | 119.00 | NOTE | |||
r-prerel-windows-x86_64 | 0.6.1 | 12.00 | 219.00 | 231.00 | NOTE | |
r-patched-linux-x86_64 | 0.6.1 | 12.98 | 326.35 | 339.33 | NOTE | |
r-release-linux-x86_64 | 0.6.1 | 11.40 | 327.74 | 339.14 | NOTE | |
r-release-macos-arm64 | 0.6.1 | 129.00 | NOTE | |||
r-release-macos-x86_64 | 0.6.1 | 213.00 | NOTE | |||
r-release-windows-x86_64 | 0.6.1 | 17.00 | 296.00 | 313.00 | NOTE | |
r-oldrel-macos-arm64 | 0.6.1 | 130.00 | NOTE | |||
r-oldrel-windows-x86_64 | 0.6.1 | 18.00 | 288.00 | 306.00 | NOTE |
Version: 0.6.1
Check: LazyData
Result: NOTE
'LazyData' is specified without a 'data' directory
Flavors: r-devel-linux-x86_64-debian-clang, r-devel-linux-x86_64-debian-gcc, r-devel-linux-x86_64-fedora-clang, r-devel-linux-x86_64-fedora-gcc, r-prerel-macos-arm64, r-prerel-windows-x86_64, r-patched-linux-x86_64, r-release-linux-x86_64, r-release-macos-arm64, r-release-macos-x86_64, r-release-windows-x86_64, r-oldrel-macos-arm64, r-oldrel-windows-x86_64