CRAN Package Check Results for Package ciTools

Last updated on 2024-02-22 21:51:36 CET.

Flavor Version Tinstall Tcheck Ttotal Status Flags
r-devel-linux-x86_64-debian-clang 0.6.1 NOTE
r-devel-linux-x86_64-debian-gcc 0.6.1 11.00 240.62 251.62 NOTE
r-devel-linux-x86_64-fedora-clang 0.6.1 400.54 NOTE
r-devel-linux-x86_64-fedora-gcc 0.6.1 399.83 NOTE
r-devel-windows-x86_64 0.6.1 13.00 231.00 244.00 NOTE
r-patched-linux-x86_64 0.6.1 13.35 315.35 328.70 NOTE
r-release-linux-x86_64 0.6.1 11.78 305.36 317.14 NOTE
r-release-macos-arm64 0.6.1 129.00 NOTE
r-release-macos-x86_64 0.6.1 213.00 NOTE
r-release-windows-x86_64 0.6.1 19.00 302.00 321.00 NOTE
r-oldrel-macos-arm64 0.6.1 130.00 NOTE
r-oldrel-windows-x86_64 0.6.1 18.00 289.00 307.00 NOTE

Check Details

Version: 0.6.1
Check: LazyData
Result: NOTE 'LazyData' is specified without a 'data' directory Flavors: r-devel-linux-x86_64-debian-clang, r-devel-linux-x86_64-debian-gcc, r-devel-linux-x86_64-fedora-clang, r-devel-linux-x86_64-fedora-gcc, r-devel-windows-x86_64, r-patched-linux-x86_64, r-release-linux-x86_64, r-release-macos-arm64, r-release-macos-x86_64, r-release-windows-x86_64, r-oldrel-macos-arm64, r-oldrel-windows-x86_64