Last updated on 2023-12-08 21:58:25 CET.
Flavor | Version | Tinstall | Tcheck | Ttotal | Status | Flags |
---|---|---|---|---|---|---|
r-devel-linux-x86_64-debian-clang | 0.12.2 | 20.09 | 123.57 | 143.66 | NOTE | |
r-devel-linux-x86_64-debian-gcc | 0.12.2 | 19.54 | 96.18 | 115.72 | NOTE | |
r-devel-linux-x86_64-fedora-clang | 0.12.2 | 189.13 | NOTE | |||
r-devel-linux-x86_64-fedora-gcc | 0.12.2 | 185.03 | OK | |||
r-devel-windows-x86_64 | 0.12.2 | 20.00 | 121.00 | 141.00 | NOTE | |
r-patched-linux-x86_64 | 0.12.2 | 25.34 | 125.17 | 150.51 | OK | |
r-release-linux-x86_64 | 0.12.2 | 19.32 | 118.59 | 137.91 | OK | |
r-release-macos-arm64 | 0.12.2 | 46.00 | NOTE | |||
r-release-macos-x86_64 | 0.12.2 | 107.00 | NOTE | |||
r-release-windows-x86_64 | 0.12.2 | 26.00 | 142.00 | 168.00 | NOTE | |
r-oldrel-macos-arm64 | 0.12.2 | 42.00 | NOTE | |||
r-oldrel-macos-x86_64 | 0.12.2 | 66.00 | NOTE | |||
r-oldrel-windows-x86_64 | 0.12.2 | 27.00 | 104.00 | 131.00 | NOTE |
Version: 0.12.2
Check: Rd files
Result: NOTE
checkRd: (-1) ciftiTools.Rd:14: Lost braces in \itemize; meant \describe ?
checkRd: (-1) ciftiTools.Rd:15: Lost braces in \itemize; meant \describe ?
checkRd: (-1) ciftiTools.Rd:16: Lost braces in \itemize; meant \describe ?
checkRd: (-1) ciftiTools.Rd:17: Lost braces in \itemize; meant \describe ?
checkRd: (-1) ciftiTools.Rd:18: Lost braces in \itemize; meant \describe ?
checkRd: (-1) ciftiTools.Rd:19: Lost braces in \itemize; meant \describe ?
checkRd: (-1) ciftiTools.Rd:20: Lost braces in \itemize; meant \describe ?
checkRd: (-1) ciftiTools.Rd:26: Lost braces in \itemize; meant \describe ?
checkRd: (-1) ciftiTools.Rd:27: Lost braces in \itemize; meant \describe ?
checkRd: (-1) ciftiTools.Rd:28: Lost braces in \itemize; meant \describe ?
checkRd: (-1) ciftiTools.Rd:29: Lost braces in \itemize; meant \describe ?
checkRd: (-1) ciftiTools.Rd:30: Lost braces in \itemize; meant \describe ?
checkRd: (-1) ciftiTools.Rd:31: Lost braces in \itemize; meant \describe ?
checkRd: (-1) ciftiTools.Rd:37: Lost braces in \itemize; meant \describe ?
checkRd: (-1) ciftiTools.Rd:38: Lost braces in \itemize; meant \describe ?
checkRd: (-1) ciftiTools.Rd:39: Lost braces in \itemize; meant \describe ?
checkRd: (-1) ciftiTools.Rd:40: Lost braces in \itemize; meant \describe ?
checkRd: (-1) ciftiTools.Rd:41: Lost braces in \itemize; meant \describe ?
checkRd: (-1) ciftiTools.Rd:42: Lost braces in \itemize; meant \describe ?
checkRd: (-1) ciftiTools.Rd:43: Lost braces in \itemize; meant \describe ?
checkRd: (-1) ciftiTools.Rd:44: Lost braces in \itemize; meant \describe ?
checkRd: (-1) ciftiTools.Rd:45: Lost braces in \itemize; meant \describe ?
checkRd: (-1) ciftiTools.Rd:46: Lost braces in \itemize; meant \describe ?
checkRd: (-1) ciftiTools.Rd:47: Lost braces in \itemize; meant \describe ?
checkRd: (-1) ciftiTools.Rd:53: Lost braces in \itemize; meant \describe ?
checkRd: (-1) ciftiTools.Rd:54: Lost braces in \itemize; meant \describe ?
checkRd: (-1) ciftiTools.Rd:55: Lost braces in \itemize; meant \describe ?
checkRd: (-1) ciftiTools.Rd:56: Lost braces in \itemize; meant \describe ?
checkRd: (-1) ciftiTools.Rd:57: Lost braces in \itemize; meant \describe ?
checkRd: (-1) ciftiTools.Rd:58: Lost braces in \itemize; meant \describe ?
checkRd: (-1) ciftiTools.Rd:64: Lost braces in \itemize; meant \describe ?
checkRd: (-1) ciftiTools.Rd:65: Lost braces in \itemize; meant \describe ?
checkRd: (-1) ciftiTools.Rd:66: Lost braces in \itemize; meant \describe ?
checkRd: (-1) ciftiTools.Rd:67: Lost braces in \itemize; meant \describe ?
checkRd: (-1) ciftiTools.Rd:68: Lost braces in \itemize; meant \describe ?
checkRd: (-1) ciftiTools.Rd:69: Lost braces in \itemize; meant \describe ?
checkRd: (-1) info_cifti.Rd:37-43: Lost braces in \enumerate; meant \describe ?
checkRd: (-1) info_cifti.Rd:39: Lost braces in \enumerate; meant \describe ?
checkRd: (-1) info_cifti.Rd:40: Lost braces in \enumerate; meant \describe ?
checkRd: (-1) info_cifti.Rd:41: Lost braces in \enumerate; meant \describe ?
checkRd: (-1) info_cifti.Rd:44-48: Lost braces in \enumerate; meant \describe ?
checkRd: (-1) info_cifti.Rd:46: Lost braces in \enumerate; meant \describe ?
checkRd: (-1) info_cifti.Rd:49-54: Lost braces in \enumerate; meant \describe ?
checkRd: (-1) info_cifti.Rd:51: Lost braces in \enumerate; meant \describe ?
checkRd: (-1) info_cifti.Rd:52: Lost braces in \enumerate; meant \describe ?
checkRd: (-1) load_parc.Rd:14: Lost braces in \itemize; meant \describe ?
checkRd: (-1) load_parc.Rd:15: Lost braces in \itemize; meant \describe ?
checkRd: (-1) load_parc.Rd:16: Lost braces in \itemize; meant \describe ?
checkRd: (-1) load_parc.Rd:17: Lost braces in \itemize; meant \describe ?
checkRd: (-1) load_parc.Rd:18: Lost braces in \itemize; meant \describe ?
checkRd: (-1) template_xifti.Rd:20-26: Lost braces in \enumerate; meant \describe ?
checkRd: (-1) template_xifti.Rd:22: Lost braces in \enumerate; meant \describe ?
checkRd: (-1) template_xifti.Rd:23: Lost braces in \enumerate; meant \describe ?
checkRd: (-1) template_xifti.Rd:24: Lost braces in \enumerate; meant \describe ?
checkRd: (-1) template_xifti.Rd:27-31: Lost braces in \enumerate; meant \describe ?
checkRd: (-1) template_xifti.Rd:29: Lost braces in \enumerate; meant \describe ?
checkRd: (-1) template_xifti.Rd:32-41: Lost braces in \enumerate; meant \describe ?
checkRd: (-1) template_xifti.Rd:34: Lost braces in \enumerate; meant \describe ?
checkRd: (-1) template_xifti.Rd:35-39: Lost braces in \enumerate; meant \describe ?
Flavors: r-devel-linux-x86_64-debian-clang, r-devel-linux-x86_64-debian-gcc
Version: 0.12.2
Check: installed package size
Result: NOTE
installed size is 6.6Mb
sub-directories of 1Mb or more:
R 1.7Mb
extdata 4.3Mb
Flavors: r-devel-linux-x86_64-fedora-clang, r-devel-windows-x86_64, r-release-macos-arm64, r-release-macos-x86_64, r-release-windows-x86_64, r-oldrel-macos-arm64, r-oldrel-macos-x86_64, r-oldrel-windows-x86_64