CRAN Package Check Results for Package cjbart

Last updated on 2021-11-28 22:51:10 CET.

Flavor Version Tinstall Tcheck Ttotal Status Flags
r-devel-linux-x86_64-debian-clang 0.2.0 OK
r-devel-linux-x86_64-debian-gcc 0.2.0 6.30 109.55 115.85 OK
r-devel-linux-x86_64-fedora-clang 0.2.0 209.57 NOTE
r-devel-linux-x86_64-fedora-gcc 0.2.0 193.16 NOTE
r-devel-windows-x86_64-new-UL 0.2.0 18.00 250.00 268.00 OK
r-devel-windows-x86_64-new-TK 0.2.0 NOTE
r-devel-windows-x86_64-old 0.2.0 11.00 214.00 225.00 OK
r-patched-linux-x86_64 0.2.0 5.34 146.16 151.50 OK
r-patched-solaris-x86 0.2.0 156.50 NOTE
r-release-linux-x86_64 0.2.0 7.62 148.31 155.93 OK
r-release-macos-arm64 0.2.0 NOTE
r-release-macos-x86_64 0.2.0 NOTE
r-release-windows-ix86+x86_64 0.2.0 20.00 205.00 225.00 OK
r-oldrel-macos-x86_64 0.2.0 NOTE
r-oldrel-windows-ix86+x86_64 0.2.0 15.00 174.00 189.00 OK

Check Details

Version: 0.2.0
Check: dependencies in R code
Result: NOTE
    Namespace in Imports field not imported from: ‘Rdpack’
     All declared Imports should be used.
Flavors: r-devel-linux-x86_64-fedora-clang, r-devel-linux-x86_64-fedora-gcc, r-devel-windows-x86_64-new-TK, r-patched-solaris-x86, r-release-macos-arm64, r-release-macos-x86_64, r-oldrel-macos-x86_64