CRAN Package Check Results for Package classGraph

Last updated on 2019-07-22 22:47:58 CEST.

Flavor Version Tinstall Tcheck Ttotal Status Flags
r-devel-linux-x86_64-debian-clang 0.7-5 3.43 44.30 47.73 OK
r-devel-linux-x86_64-debian-gcc 0.7-5 3.39 36.00 39.39 OK
r-devel-linux-x86_64-fedora-clang 0.7-5 56.67 OK
r-devel-linux-x86_64-fedora-gcc 0.7-5 56.85 OK
r-devel-windows-ix86+x86_64 0.7-5 9.00 80.00 89.00 OK
r-patched-linux-x86_64 0.7-5 3.83 44.77 48.60 OK
r-patched-solaris-x86 0.7-5 94.70 OK
r-release-linux-x86_64 0.7-5 3.39 45.00 48.39 OK
r-release-windows-ix86+x86_64 0.7-5 10.00 60.00 70.00 OK
r-release-osx-x86_64 0.7-5 ERROR
r-oldrel-windows-ix86+x86_64 0.7-5 8.00 57.00 65.00 OK
r-oldrel-osx-x86_64 0.7-5 OK

Check Details

Version: 0.7-5
Check: package dependencies
Result: ERROR
    Packages required but not available: 'graph', 'Rgraphviz'
    
    See section ‘The DESCRIPTION file’ in the ‘Writing R Extensions’
    manual.
Flavor: r-release-osx-x86_64