Last updated on 2024-04-18 22:52:34 CEST.
Flavor | Version | Tinstall | Tcheck | Ttotal | Status | Flags |
---|---|---|---|---|---|---|
r-devel-linux-x86_64-debian-clang | 1.5.4 | 6.55 | 54.04 | 60.59 | NOTE | |
r-devel-linux-x86_64-debian-gcc | 1.5.4 | 5.05 | 40.56 | 45.61 | NOTE | |
r-devel-linux-x86_64-fedora-clang | 1.5.4 | 79.80 | NOTE | |||
r-devel-linux-x86_64-fedora-gcc | 1.5.4 | 82.34 | NOTE | |||
r-prerel-macos-arm64 | 1.5.4 | 26.00 | NOTE | |||
r-prerel-windows-x86_64 | 1.5.4 | 6.00 | 65.00 | 71.00 | NOTE | |
r-patched-linux-x86_64 | 1.5.4 | 7.53 | 52.22 | 59.75 | NOTE | |
r-release-linux-x86_64 | 1.5.4 | 5.83 | 53.56 | 59.39 | OK | |
r-release-macos-arm64 | 1.5.4 | 31.00 | OK | |||
r-release-macos-x86_64 | 1.5.4 | 33.00 | OK | |||
r-release-windows-x86_64 | 1.5.4 | 8.00 | 70.00 | 78.00 | OK | |
r-oldrel-macos-arm64 | 1.5.4 | 25.00 | OK | |||
r-oldrel-windows-x86_64 | 1.5.4 | 9.00 | 71.00 | 80.00 | OK |
Version: 1.5.4
Check: Rd files
Result: NOTE
checkRd: (-1) clean.Rd:136: Lost braces in \itemize; meant \describe ?
checkRd: (-1) clean.Rd:137: Lost braces in \itemize; meant \describe ?
checkRd: (-1) clean.Rd:138: Lost braces in \itemize; meant \describe ?
checkRd: (-1) clean.Rd:139: Lost braces in \itemize; meant \describe ?
checkRd: (-1) clean.Rd:140: Lost braces in \itemize; meant \describe ?
checkRd: (-1) clean.Rd:141: Lost braces in \itemize; meant \describe ?
checkRd: (-1) clean.Rd:142: Lost braces in \itemize; meant \describe ?
Flavors: r-devel-linux-x86_64-debian-clang, r-devel-linux-x86_64-debian-gcc, r-devel-linux-x86_64-fedora-clang, r-devel-linux-x86_64-fedora-gcc, r-prerel-macos-arm64, r-prerel-windows-x86_64, r-patched-linux-x86_64