Last updated on 2023-12-10 22:55:53 CET.
Flavor | Version | Tinstall | Tcheck | Ttotal | Status | Flags |
---|---|---|---|---|---|---|
r-devel-linux-x86_64-debian-clang | 1.1.2 | 8.66 | 80.47 | 89.13 | NOTE | |
r-devel-linux-x86_64-debian-gcc | 1.1.2 | 6.82 | 61.36 | 68.18 | NOTE | |
r-devel-linux-x86_64-fedora-clang | 1.1.2 | 112.17 | NOTE | |||
r-devel-linux-x86_64-fedora-gcc | 1.1.2 | 108.83 | NOTE | |||
r-devel-windows-x86_64 | 1.1.2 | 10.00 | 78.00 | 88.00 | NOTE | |
r-patched-linux-x86_64 | 1.1.2 | 10.57 | 80.53 | 91.10 | NOTE | |
r-release-linux-x86_64 | 1.1.2 | 9.68 | 79.74 | 89.42 | NOTE | |
r-release-macos-arm64 | 1.1.2 | 40.00 | NOTE | |||
r-release-macos-x86_64 | 1.1.2 | 59.00 | NOTE | |||
r-release-windows-x86_64 | 1.1.2 | 12.00 | 89.00 | 101.00 | NOTE | |
r-oldrel-macos-arm64 | 1.1.2 | 36.00 | NOTE | |||
r-oldrel-macos-x86_64 | 1.1.2 | 58.00 | NOTE | |||
r-oldrel-windows-x86_64 | 1.1.2 | 12.00 | 93.00 | 105.00 | NOTE |
Version: 1.1.2
Check: LazyData
Result: NOTE
'LazyData' is specified without a 'data' directory
Flavors: r-devel-linux-x86_64-debian-clang, r-devel-linux-x86_64-debian-gcc, r-devel-linux-x86_64-fedora-clang, r-devel-linux-x86_64-fedora-gcc, r-devel-windows-x86_64, r-patched-linux-x86_64, r-release-linux-x86_64, r-release-macos-arm64, r-release-macos-x86_64, r-release-windows-x86_64, r-oldrel-macos-arm64, r-oldrel-macos-x86_64, r-oldrel-windows-x86_64