CRAN Package Check Results for Package cliapp

Last updated on 2021-11-26 23:03:20 CET.

Flavor Version Tinstall Tcheck Ttotal Status Flags
r-devel-linux-x86_64-debian-clang 0.1.1 6.39 131.95 138.34 NOTE
r-devel-linux-x86_64-debian-gcc 0.1.1 4.48 126.56 131.04 NOTE
r-devel-linux-x86_64-fedora-clang 0.1.1 228.74 NOTE
r-devel-linux-x86_64-fedora-gcc 0.1.1 201.65 NOTE
r-devel-windows-x86_64-new-UL 0.1.1 14.00 180.00 194.00 NOTE
r-devel-windows-x86_64-new-TK 0.1.1 NOTE
r-devel-windows-x86_64-old 0.1.1 7.00 171.00 178.00 NOTE
r-patched-linux-x86_64 0.1.1 6.21 165.30 171.51 NOTE
r-patched-solaris-x86 0.1.1 256.30 NOTE
r-release-linux-x86_64 0.1.1 NOTE
r-release-macos-arm64 0.1.1 NOTE
r-release-macos-x86_64 0.1.1 NOTE
r-release-windows-ix86+x86_64 0.1.1 11.00 114.00 125.00 NOTE
r-oldrel-macos-x86_64 0.1.1 OK
r-oldrel-windows-ix86+x86_64 0.1.1 9.00 234.00 243.00 ERROR

Check Details

Version: 0.1.1
Check: LazyData
Result: NOTE
     'LazyData' is specified without a 'data' directory
Flavors: r-devel-linux-x86_64-debian-clang, r-devel-linux-x86_64-debian-gcc, r-devel-linux-x86_64-fedora-clang, r-devel-linux-x86_64-fedora-gcc, r-devel-windows-x86_64-new-UL, r-devel-windows-x86_64-new-TK, r-devel-windows-x86_64-old, r-patched-linux-x86_64, r-patched-solaris-x86, r-release-linux-x86_64, r-release-macos-arm64, r-release-macos-x86_64, r-release-windows-ix86+x86_64

Version: 0.1.1
Check: tests
Result: ERROR
     Running 'testthat.R' [34s]
    Running the tests in 'tests/testthat.R' failed.
    Complete output:
     > library(testthat)
     > library(cliapp)
     >
     > ## Run the tests in fancy mode and non-fancy mode as well
     > ## Also, run them in latin1 encoding as well, this is for Unix,
     > ## because Windows encoding names are different.
     >
     > withr::with_options(
     + list(cli.unicode = FALSE),
     + test_check("cliapp")
     + )
     stdout:]
    
     stderr:]
    
     stdout:]
    
     stderr:]
    
     stdout:]
    
     stderr:]
    
     == Failed tests ================================================================
     -- Error (test-subprocess.R:14:3): events are properly generated ---------------
     <rlib_error_2_0/rlib_error/error/condition>
     Error in `rs_init(self, private, super, options, wait, wait_timeout)`: Could not start R session, timed out
     Backtrace:
     x
     1. \-callr::r_session$new() test-subprocess.R:14:2
     2. \-callr:::initialize(...)
     3. \-callr:::rs_init(self, private, super, options, wait, wait_timeout)
     4. \-throw(new_error("Could not start R session, timed out"))
     -- Error (test-subprocess.R:49:3): subprocess with default handler -------------
     <rlib_error_2_0/rlib_error/error/condition>
     Error in `rs_init(self, private, super, options, wait, wait_timeout)`: Could not start R session, timed out
     Backtrace:
     x
     1. \-callr::r_session$new() test-subprocess.R:49:2
     2. \-callr:::initialize(...)
     3. \-callr:::rs_init(self, private, super, options, wait, wait_timeout)
     4. \-throw(new_error("Could not start R session, timed out"))
     -- Error (test-subprocess.R:101:3): output in child process --------------------
     <rlib_error_2_0/rlib_error/error/condition>
     Error in `rs_init(self, private, super, options, wait, wait_timeout)`: Could not start R session, timed out
     Backtrace:
     x
     1. \-callr::r_session$new() test-subprocess.R:101:2
     2. \-callr:::initialize(...)
     3. \-callr:::rs_init(self, private, super, options, wait, wait_timeout)
     4. \-throw(new_error("Could not start R session, timed out"))
    
     [ FAIL 3 | WARN 0 | SKIP 0 | PASS 106 ]
     Error: Test failures
     Execution halted
Flavor: r-oldrel-windows-ix86+x86_64