Last updated on 2024-04-23 22:55:18 CEST.
Flavor | Version | Tinstall | Tcheck | Ttotal | Status | Flags |
---|---|---|---|---|---|---|
r-devel-linux-x86_64-debian-clang | 1.2.1 | 7.96 | 71.13 | 79.09 | OK | |
r-devel-linux-x86_64-debian-gcc | 1.2.1 | 6.81 | 52.60 | 59.41 | OK | |
r-devel-linux-x86_64-fedora-clang | 1.2.1 | 104.56 | NOTE | |||
r-devel-linux-x86_64-fedora-gcc | 1.2.1 | 121.45 | NOTE | |||
r-prerel-macos-arm64 | 1.2.1 | 38.00 | OK | |||
r-prerel-macos-x86_64 | 1.2.1 | 94.00 | OK | |||
r-prerel-windows-x86_64 | 1.2.1 | 10.00 | 76.00 | 86.00 | OK | |
r-patched-linux-x86_64 | 1.2.1 | 10.32 | 68.18 | 78.50 | OK | |
r-release-linux-x86_64 | 1.2.1 | 9.19 | 68.05 | 77.24 | OK | |
r-release-macos-arm64 | 1.2.1 | 44.00 | OK | |||
r-release-macos-x86_64 | 1.2.1 | 70.00 | OK | |||
r-release-windows-x86_64 | 1.2.1 | 10.00 | 84.00 | 94.00 | OK | |
r-oldrel-macos-arm64 | 1.2.1 | 39.00 | OK | |||
r-oldrel-windows-x86_64 | 1.2.1 | 11.00 | 86.00 | 97.00 | OK |
Version: 1.2.1
Check: data for non-ASCII characters
Result: NOTE
Note: found 8737 marked UTF-8 strings
Flavors: r-devel-linux-x86_64-fedora-clang, r-devel-linux-x86_64-fedora-gcc