Last updated on 2023-03-21 22:56:03 CET.
Flavor | Version | Tinstall | Tcheck | Ttotal | Status | Flags |
---|---|---|---|---|---|---|
r-devel-linux-x86_64-debian-clang | 1.0.2 | 3.43 | 32.38 | 35.81 | NOTE | |
r-devel-linux-x86_64-debian-gcc | 1.0.2 | 2.31 | 24.66 | 26.97 | NOTE | |
r-devel-linux-x86_64-fedora-clang | 1.0.2 | 44.46 | NOTE | |||
r-devel-linux-x86_64-fedora-gcc | 1.0.2 | 40.69 | NOTE | |||
r-devel-windows-x86_64 | 1.0.2 | 14.00 | 62.00 | 76.00 | NOTE | |
r-patched-linux-x86_64 | 1.0.2 | 3.28 | 31.73 | 35.01 | NOTE | |
r-release-linux-x86_64 | 1.0.2 | 2.00 | 31.49 | 33.49 | NOTE | |
r-release-macos-arm64 | 1.0.2 | 18.00 | NOTE | |||
r-release-macos-x86_64 | 1.0.2 | 24.00 | NOTE | |||
r-release-windows-x86_64 | 1.0.2 | 15.00 | 60.00 | 75.00 | NOTE | |
r-oldrel-macos-arm64 | 1.0.2 | 25.00 | NOTE | |||
r-oldrel-macos-x86_64 | 1.0.2 | 33.00 | NOTE | |||
r-oldrel-windows-ix86+x86_64 | 1.0.2 | 7.00 | 56.00 | 63.00 | NOTE |
Version: 1.0.2
Check: LazyData
Result: NOTE
'LazyData' is specified without a 'data' directory
Flavors: r-devel-linux-x86_64-debian-clang, r-devel-linux-x86_64-debian-gcc, r-devel-linux-x86_64-fedora-clang, r-devel-linux-x86_64-fedora-gcc, r-devel-windows-x86_64, r-patched-linux-x86_64, r-release-linux-x86_64, r-release-macos-arm64, r-release-macos-x86_64, r-release-windows-x86_64, r-oldrel-macos-arm64, r-oldrel-macos-x86_64, r-oldrel-windows-ix86+x86_64