Last updated on 2024-04-22 23:09:46 CEST.
Flavor | Version | Tinstall | Tcheck | Ttotal | Status | Flags |
---|---|---|---|---|---|---|
r-devel-linux-x86_64-debian-clang | 1.5 | 32.56 | 30.91 | 63.47 | NOTE | |
r-devel-linux-x86_64-debian-gcc | 1.5 | 25.22 | 24.08 | 49.30 | NOTE | |
r-devel-linux-x86_64-fedora-clang | 1.5 | 94.24 | NOTE | |||
r-devel-linux-x86_64-fedora-gcc | 1.5 | 93.02 | NOTE | |||
r-prerel-macos-arm64 | 1.5 | 23.00 | NOTE | |||
r-prerel-windows-x86_64 | 1.5 | 26.00 | 67.00 | 93.00 | NOTE | |
r-patched-linux-x86_64 | 1.5 | 32.12 | 31.15 | 63.27 | NOTE | |
r-release-linux-x86_64 | 1.5 | 29.03 | 30.59 | 59.62 | OK | |
r-release-macos-arm64 | 1.5 | 26.00 | OK | |||
r-release-macos-x86_64 | 1.5 | 41.00 | OK | |||
r-release-windows-x86_64 | 1.5 | 26.00 | 75.00 | 101.00 | OK | |
r-oldrel-macos-arm64 | 1.5 | 24.00 | OK | |||
r-oldrel-windows-x86_64 | 1.5 | 32.00 | 70.00 | 102.00 | OK |
Version: 1.5
Check: Rd files
Result: NOTE
checkRd: (-1) print.clogitL1.Rd:21: Lost braces in \itemize; meant \describe ?
checkRd: (-1) print.clogitL1.Rd:22: Lost braces in \itemize; meant \describe ?
checkRd: (-1) print.clogitL1.Rd:23: Lost braces in \itemize; meant \describe ?
Flavors: r-devel-linux-x86_64-debian-clang, r-devel-linux-x86_64-debian-gcc, r-devel-linux-x86_64-fedora-clang, r-devel-linux-x86_64-fedora-gcc, r-prerel-macos-arm64, r-prerel-windows-x86_64, r-patched-linux-x86_64
Version: 1.5
Check: compiled code
Result: NOTE
File ‘clogitL1/libs/clogitL1.so’:
Found no calls to: ‘R_registerRoutines’, ‘R_useDynamicSymbols’
It is good practice to register native routines and to disable symbol
search.
See ‘Writing portable packages’ in the ‘Writing R Extensions’ manual.
Flavors: r-devel-linux-x86_64-fedora-clang, r-devel-linux-x86_64-fedora-gcc