CRAN Package Check Results for Package clordr

Last updated on 2021-10-15 22:54:10 CEST.

Flavor Version Tinstall Tcheck Ttotal Status Flags
r-devel-linux-x86_64-debian-clang 1.6.0 2.21 26.76 28.97 NOTE
r-devel-linux-x86_64-debian-gcc 1.6.0 2.16 20.77 22.93 NOTE
r-devel-linux-x86_64-fedora-clang 1.6.0 45.81 NOTE
r-devel-linux-x86_64-fedora-gcc 1.6.0 35.94 NOTE
r-devel-windows-x86_64 1.6.0 5.00 33.00 38.00 NOTE
r-devel-windows-x86_64-gcc10-UCRT 1.6.0 NOTE
r-patched-linux-x86_64 1.6.0 3.38 25.56 28.94 NOTE
r-patched-solaris-x86 1.6.0 53.70 NOTE
r-release-linux-x86_64 1.6.0 3.02 25.41 28.43 NOTE
r-release-macos-arm64 1.6.0 NOTE
r-release-macos-x86_64 1.6.0 NOTE
r-release-windows-ix86+x86_64 1.6.0 7.00 42.00 49.00 NOTE
r-oldrel-macos-x86_64 1.6.0 OK
r-oldrel-windows-ix86+x86_64 1.6.0 7.00 47.00 54.00 OK

Check Details

Version: 1.6.0
Check: LazyData
Result: NOTE
     'LazyData' is specified without a 'data' directory
Flavors: r-devel-linux-x86_64-debian-clang, r-devel-linux-x86_64-debian-gcc, r-devel-linux-x86_64-fedora-clang, r-devel-linux-x86_64-fedora-gcc, r-devel-windows-x86_64, r-devel-windows-x86_64-gcc10-UCRT, r-patched-linux-x86_64, r-patched-solaris-x86, r-release-linux-x86_64, r-release-macos-arm64, r-release-macos-x86_64, r-release-windows-ix86+x86_64