CRAN Package Check Results for Package cloudml

Last updated on 2021-06-18 22:54:23 CEST.

Flavor Version Tinstall Tcheck Ttotal Status Flags
r-devel-linux-x86_64-debian-clang 0.6.1 3.97 37.97 41.94 NOTE
r-devel-linux-x86_64-debian-gcc 0.6.1 3.43 29.59 33.02 NOTE
r-devel-linux-x86_64-fedora-clang 0.6.1 63.87 NOTE
r-devel-linux-x86_64-fedora-gcc 0.6.1 53.97 NOTE
r-devel-windows-x86_64 0.6.1 9.00 56.00 65.00 NOTE
r-devel-windows-x86_64-gcc10-UCRT 0.6.1 NOTE
r-patched-linux-x86_64 0.6.1 6.63 36.52 43.15 NOTE
r-patched-solaris-x86 0.6.1 76.10 NOTE
r-release-linux-x86_64 0.6.1 4.19 36.08 40.27 NOTE
r-release-macos-arm64 0.6.1 NOTE
r-release-macos-x86_64 0.6.1 NOTE
r-release-windows-ix86+x86_64 0.6.1 8.00 57.00 65.00 NOTE
r-oldrel-macos-x86_64 0.6.1 OK
r-oldrel-windows-ix86+x86_64 0.6.1 6.00 42.00 48.00 OK

Check Details

Version: 0.6.1
Check: LazyData
Result: NOTE
     'LazyData' is specified without a 'data' directory
Flavors: r-devel-linux-x86_64-debian-clang, r-devel-linux-x86_64-debian-gcc, r-devel-linux-x86_64-fedora-clang, r-devel-linux-x86_64-fedora-gcc, r-devel-windows-x86_64, r-devel-windows-x86_64-gcc10-UCRT, r-patched-linux-x86_64, r-patched-solaris-x86, r-release-linux-x86_64, r-release-macos-arm64, r-release-macos-x86_64, r-release-windows-ix86+x86_64