CRAN Package Check Results for Package cloudml

Last updated on 2024-02-23 23:10:02 CET.

Flavor Version Tinstall Tcheck Ttotal Status Flags
r-devel-linux-x86_64-debian-clang 0.6.1 NOTE
r-devel-linux-x86_64-debian-gcc 0.6.1 3.46 29.64 33.10 NOTE
r-devel-linux-x86_64-fedora-clang 0.6.1 52.07 NOTE
r-devel-linux-x86_64-fedora-gcc 0.6.1 70.72 NOTE
r-devel-windows-x86_64 0.6.1 5.00 53.00 58.00 NOTE
r-patched-linux-x86_64 0.6.1 7.43 37.33 44.76 NOTE
r-release-linux-x86_64 0.6.1 4.24 37.69 41.93 NOTE
r-release-macos-arm64 0.6.1 34.00 NOTE
r-release-macos-x86_64 0.6.1 45.00 NOTE
r-release-windows-x86_64 0.6.1 7.00 58.00 65.00 NOTE
r-oldrel-macos-arm64 0.6.1 26.00 NOTE
r-oldrel-windows-x86_64 0.6.1 7.00 58.00 65.00 NOTE

Check Details

Version: 0.6.1
Check: LazyData
Result: NOTE 'LazyData' is specified without a 'data' directory Flavors: r-devel-linux-x86_64-debian-clang, r-devel-linux-x86_64-debian-gcc, r-devel-linux-x86_64-fedora-clang, r-devel-linux-x86_64-fedora-gcc, r-devel-windows-x86_64, r-patched-linux-x86_64, r-release-linux-x86_64, r-release-macos-arm64, r-release-macos-x86_64, r-release-windows-x86_64, r-oldrel-macos-arm64, r-oldrel-windows-x86_64