CRAN Package Check Results for Package clustDRM

Last updated on 2021-07-31 22:53:24 CEST.

Flavor Version Tinstall Tcheck Ttotal Status Flags
r-devel-linux-x86_64-debian-clang 0.1-0 27.95 180.89 208.84 OK
r-devel-linux-x86_64-debian-gcc 0.1-0 20.26 134.24 154.50 OK
r-devel-linux-x86_64-fedora-clang 0.1-0 254.10 NOTE
r-devel-linux-x86_64-fedora-gcc 0.1-0 244.57 NOTE
r-devel-windows-x86_64 0.1-0 33.00 184.00 217.00 OK
r-devel-windows-x86_64-gcc10-UCRT 0.1-0 NOTE
r-patched-linux-x86_64 0.1-0 OK
r-patched-solaris-x86 0.1-0 344.10 NOTE
r-release-linux-x86_64 0.1-0 24.21 171.82 196.03 OK
r-release-macos-arm64 0.1-0 ERROR
r-release-macos-x86_64 0.1-0 ERROR
r-release-windows-ix86+x86_64 0.1-0 46.00 188.00 234.00 OK
r-oldrel-macos-x86_64 0.1-0 ERROR
r-oldrel-windows-ix86+x86_64 0.1-0 38.00 187.00 225.00 OK

Check Details

Version: 0.1-0
Check: dependencies in R code
Result: NOTE
    Namespace in Imports field not imported from: ‘DT’
     All declared Imports should be used.
Flavors: r-devel-linux-x86_64-fedora-clang, r-devel-linux-x86_64-fedora-gcc, r-devel-windows-x86_64-gcc10-UCRT, r-patched-solaris-x86

Version: 0.1-0
Check: package dependencies
Result: ERROR
    Package required but not available: ‘IsoGene’
    
    See section ‘The DESCRIPTION file’ in the ‘Writing R Extensions’
    manual.
Flavors: r-release-macos-arm64, r-release-macos-x86_64, r-oldrel-macos-x86_64