CRAN Package Check Results for Package clustDRM

Last updated on 2021-10-24 22:50:16 CEST.

Flavor Version Tinstall Tcheck Ttotal Status Flags
r-devel-linux-x86_64-debian-clang 0.1-0 27.92 181.40 209.32 OK
r-devel-linux-x86_64-debian-gcc 0.1-0 21.04 135.01 156.05 OK
r-devel-linux-x86_64-fedora-clang 0.1-0 261.02 NOTE
r-devel-linux-x86_64-fedora-gcc 0.1-0 249.98 NOTE
r-devel-windows-x86_64 0.1-0 32.00 195.00 227.00 WARN
r-devel-windows-x86_64-gcc10-UCRT 0.1-0 WARN
r-patched-linux-x86_64 0.1-0 25.10 173.35 198.45 OK
r-patched-solaris-x86 0.1-0 364.50 NOTE
r-release-linux-x86_64 0.1-0 24.56 173.40 197.96 OK
r-release-macos-arm64 0.1-0 ERROR
r-release-macos-x86_64 0.1-0 ERROR
r-release-windows-ix86+x86_64 0.1-0 34.00 195.00 229.00 OK
r-oldrel-macos-x86_64 0.1-0 ERROR
r-oldrel-windows-ix86+x86_64 0.1-0 50.00 192.00 242.00 OK

Check Details

Version: 0.1-0
Check: dependencies in R code
Result: NOTE
    Namespace in Imports field not imported from: ‘DT’
     All declared Imports should be used.
Flavors: r-devel-linux-x86_64-fedora-clang, r-devel-linux-x86_64-fedora-gcc, r-devel-windows-x86_64-gcc10-UCRT, r-patched-solaris-x86

Version: 0.1-0
Check: whether package can be installed
Result: WARN
    Found the following significant warnings:
     Warning: 'memory.limit()' is no longer supported
Flavors: r-devel-windows-x86_64, r-devel-windows-x86_64-gcc10-UCRT

Version: 0.1-0
Check: package dependencies
Result: ERROR
    Package required but not available: ‘IsoGene’
    
    See section ‘The DESCRIPTION file’ in the ‘Writing R Extensions’
    manual.
Flavors: r-release-macos-arm64, r-release-macos-x86_64, r-oldrel-macos-x86_64