Last updated on 2024-04-23 22:55:18 CEST.
Flavor | Version | Tinstall | Tcheck | Ttotal | Status | Flags |
---|---|---|---|---|---|---|
r-devel-linux-x86_64-debian-clang | 1.2.1 | 6.81 | 62.77 | 69.58 | NOTE | |
r-devel-linux-x86_64-debian-gcc | 1.2.1 | 6.12 | 48.09 | 54.21 | NOTE | |
r-devel-linux-x86_64-fedora-clang | 1.2.1 | 96.41 | NOTE | |||
r-devel-linux-x86_64-fedora-gcc | 1.2.1 | 96.95 | NOTE | |||
r-prerel-macos-arm64 | 1.2.1 | 31.00 | NOTE | |||
r-prerel-windows-x86_64 | 1.2.1 | 10.00 | 73.00 | 83.00 | NOTE | |
r-patched-linux-x86_64 | 1.2.1 | 7.78 | 60.40 | 68.18 | NOTE | |
r-release-linux-x86_64 | 1.2.1 | 8.46 | 61.05 | 69.51 | NOTE | |
r-release-macos-arm64 | 1.2.1 | 29.00 | NOTE | |||
r-release-macos-x86_64 | 1.2.1 | 43.00 | NOTE | |||
r-release-windows-x86_64 | 1.2.1 | 12.00 | 76.00 | 88.00 | NOTE | |
r-oldrel-macos-arm64 | 1.2.1 | 27.00 | OK | |||
r-oldrel-windows-x86_64 | 1.2.1 | 10.00 | 71.00 | 81.00 | OK |
Version: 1.2.1
Check: Rd files
Result: NOTE
checkRd: (-1) dtmvnom.Rd:30: Escaped LaTeX specials: \&
Flavors: r-devel-linux-x86_64-debian-clang, r-devel-linux-x86_64-debian-gcc, r-devel-linux-x86_64-fedora-clang, r-devel-linux-x86_64-fedora-gcc, r-prerel-macos-arm64, r-prerel-windows-x86_64, r-patched-linux-x86_64, r-release-linux-x86_64, r-release-macos-arm64, r-release-macos-x86_64, r-release-windows-x86_64