CRAN Package Check Results for Package cluster

Last updated on 2021-09-20 22:55:14 CEST.

Flavor Version Tinstall Tcheck Ttotal Status Flags
r-devel-linux-x86_64-debian-clang 2.1.2 10.98 140.58 151.56 OK
r-devel-linux-x86_64-debian-gcc 2.1.2 6.78 100.47 107.25 OK
r-devel-linux-x86_64-fedora-clang 2.1.2 189.09 NOTE
r-devel-linux-x86_64-fedora-gcc 2.1.2 173.12 OK
r-devel-windows-x86_64 2.1.2 19.00 131.00 150.00 OK
r-devel-windows-x86_64-gcc10-UCRT 2.1.2 ERROR
r-patched-linux-x86_64 2.1.2 9.29 130.59 139.88 OK
r-patched-solaris-x86 2.1.2 OK
r-release-linux-x86_64 2.1.2 9.19 129.83 139.02 OK
r-release-macos-arm64 2.1.2 OK
r-release-macos-x86_64 2.1.2 OK
r-release-windows-ix86+x86_64 2.1.2 29.00 206.00 235.00 OK
r-oldrel-macos-x86_64 2.1.2 OK
r-oldrel-windows-ix86+x86_64 2.1.2 29.00 204.00 233.00 OK

Check Details

Version: 2.1.2
Check: Rd cross-references
Result: NOTE
    Undeclared packages ‘mvoutlier’, ‘fpc’, ‘ellipse’, ‘sfsmisc’ in Rd xrefs
Flavor: r-devel-linux-x86_64-fedora-clang

Version: 2.1.2
Check: whether package can be installed
Result: ERROR
    Installation failed.
Flavor: r-devel-windows-x86_64-gcc10-UCRT