CRAN Package Check Results for Package clusterHD

Last updated on 2024-03-04 22:57:57 CET.

Flavor Version Tinstall Tcheck Ttotal Status Flags
r-devel-linux-x86_64-debian-clang 1.0.2 33.89 34.53 68.42 NOTE
r-devel-linux-x86_64-debian-gcc 1.0.2 24.74 26.37 51.11 NOTE
r-devel-linux-x86_64-fedora-clang 1.0.2 95.11 NOTE
r-devel-linux-x86_64-fedora-gcc 1.0.2 94.87 NOTE
r-devel-windows-x86_64 1.0.2 28.00 63.00 91.00 NOTE
r-patched-linux-x86_64 1.0.2 29.04 33.48 62.52 NOTE
r-release-linux-x86_64 1.0.2 35.18 33.88 69.06 NOTE
r-release-macos-arm64 1.0.2 29.00 NOTE
r-release-macos-x86_64 1.0.2 44.00 NOTE
r-release-windows-x86_64 1.0.2 35.00 70.00 105.00 NOTE
r-oldrel-macos-arm64 1.0.2 32.00 OK
r-oldrel-windows-x86_64 1.0.2 34.00 75.00 109.00 OK

Check Details

Version: 1.0.2
Check: C++ specification
Result: NOTE Specified C++11: please drop specification unless essential Flavors: r-devel-linux-x86_64-debian-clang, r-devel-linux-x86_64-debian-gcc, r-devel-linux-x86_64-fedora-clang, r-devel-linux-x86_64-fedora-gcc, r-devel-windows-x86_64, r-patched-linux-x86_64, r-release-linux-x86_64, r-release-macos-arm64, r-release-macos-x86_64, r-release-windows-x86_64

Version: 1.0.2
Check: Rd files
Result: NOTE checkRd: (-1) HTKmeans.Rd:62: Lost braces 62 | \item{centers }{A matrix of cluster centres.} | ^ checkRd: (-1) HTKmeans.Rd:62: Lost braces 62 | \item{centers }{A matrix of cluster centres.} | ^ checkRd: (-1) HTKmeans.Rd:63: Lost braces 63 | \item{cluster }{A vector of integers (from 1:\code{k}) indicating the cluster to which each point is allocated.} | ^ checkRd: (-1) HTKmeans.Rd:63: Lost braces 63 | \item{cluster }{A vector of integers (from 1:\code{k}) indicating the cluster to which each point is allocated.} | ^ checkRd: (-1) HTKmeans.Rd:64: Lost braces 64 | \item{itnb }{The number of iterations executed until convergence} | ^ checkRd: (-1) HTKmeans.Rd:64: Lost braces 64 | \item{itnb }{The number of iterations executed until convergence} | ^ checkRd: (-1) HTKmeans.Rd:65: Lost braces 65 | \item{converged }{Whether the algorithm stopped by converging or through reaching the maximum number of itertions.} | ^ checkRd: (-1) HTKmeans.Rd:65: Lost braces 65 | \item{converged }{Whether the algorithm stopped by converging or through reaching the maximum number of itertions.} | ^ Flavors: r-devel-linux-x86_64-debian-clang, r-devel-linux-x86_64-debian-gcc, r-devel-linux-x86_64-fedora-clang, r-devel-linux-x86_64-fedora-gcc, r-devel-windows-x86_64