CRAN Package Check Results for Package clusterSim

Last updated on 2021-05-12 22:53:25 CEST.

Flavor Version Tinstall Tcheck Ttotal Status Flags
r-devel-linux-x86_64-debian-clang 0.49-2 14.88 107.66 122.54 OK
r-devel-linux-x86_64-debian-gcc 0.49-2 10.95 80.40 91.35 OK
r-devel-linux-x86_64-fedora-clang 0.49-2 152.05 OK
r-devel-linux-x86_64-fedora-gcc 0.49-2 142.60 OK
r-devel-windows-ix86+x86_64 0.49-2 32.00 139.00 171.00 OK
r-devel-windows-x86_64-gcc10-UCRT 0.49-2 OK
r-patched-linux-x86_64 0.49-2 18.34 103.58 121.92 OK
r-patched-solaris-x86 0.49-2 183.10 OK
r-release-linux-x86_64 0.49-2 13.13 99.97 113.10 OK
r-release-macos-x86_64 0.49-2 OK
r-release-windows-ix86+x86_64 0.49-2 23.00 159.00 182.00 OK
r-oldrel-macos-x86_64 0.49-2 WARN
r-oldrel-windows-ix86+x86_64 0.49-2 24.00 165.00 189.00 OK

Check Details

Version: 0.49-2
Check: whether package can be installed
Result: WARN
    Found the following significant warnings:
     Warning: 'rgl.init' failed, running with 'rgl.useNULL = TRUE'.
Flavor: r-oldrel-macos-x86_64