CRAN Package Check Results for Package cmdfun

Last updated on 2024-02-24 21:40:15 CET.

Flavor Version Tinstall Tcheck Ttotal Status Flags
r-devel-linux-x86_64-debian-clang 1.0.2 2.73 35.99 38.72 NOTE
r-devel-linux-x86_64-debian-gcc 1.0.2 2.25 31.70 33.95 NOTE
r-devel-linux-x86_64-fedora-clang 1.0.2 49.78 NOTE
r-devel-linux-x86_64-fedora-gcc 1.0.2 60.42 NOTE
r-devel-windows-x86_64 1.0.2 4.00 51.00 55.00 NOTE
r-patched-linux-x86_64 1.0.2 2.17 35.40 37.57 NOTE
r-release-linux-x86_64 1.0.2 2.53 34.82 37.35 NOTE
r-release-macos-arm64 1.0.2 27.00 NOTE
r-release-macos-x86_64 1.0.2 39.00 NOTE
r-release-windows-x86_64 1.0.2 5.00 56.00 61.00 NOTE
r-oldrel-macos-arm64 1.0.2 21.00 NOTE
r-oldrel-windows-x86_64 1.0.2 4.00 57.00 61.00 NOTE

Check Details

Version: 1.0.2
Check: LazyData
Result: NOTE 'LazyData' is specified without a 'data' directory Flavors: r-devel-linux-x86_64-debian-clang, r-devel-linux-x86_64-debian-gcc, r-devel-linux-x86_64-fedora-clang, r-devel-linux-x86_64-fedora-gcc, r-devel-windows-x86_64, r-patched-linux-x86_64, r-release-linux-x86_64, r-release-macos-arm64, r-release-macos-x86_64, r-release-windows-x86_64, r-oldrel-macos-arm64, r-oldrel-windows-x86_64