CRAN Package Check Results for Package cmdfun

Last updated on 2021-10-17 22:48:29 CEST.

Flavor Version Tinstall Tcheck Ttotal Status Flags
r-devel-linux-x86_64-debian-clang 1.0.2 2.93 30.34 33.27 NOTE
r-devel-linux-x86_64-debian-gcc 1.0.2 2.32 23.86 26.18 NOTE
r-devel-linux-x86_64-fedora-clang 1.0.2 53.45 NOTE
r-devel-linux-x86_64-fedora-gcc 1.0.2 39.87 NOTE
r-devel-windows-x86_64 1.0.2 5.00 51.00 56.00 NOTE
r-devel-windows-x86_64-gcc10-UCRT 1.0.2 NOTE
r-patched-linux-x86_64 1.0.2 1.82 29.49 31.31 NOTE
r-patched-solaris-x86 1.0.2 61.10 NOTE
r-release-linux-x86_64 1.0.2 1.96 29.91 31.87 NOTE
r-release-macos-arm64 1.0.2 NOTE
r-release-macos-x86_64 1.0.2 NOTE
r-release-windows-ix86+x86_64 1.0.2 7.00 51.00 58.00 NOTE
r-oldrel-macos-x86_64 1.0.2 OK
r-oldrel-windows-ix86+x86_64 1.0.2 7.00 49.00 56.00 OK

Check Details

Version: 1.0.2
Check: LazyData
Result: NOTE
     'LazyData' is specified without a 'data' directory
Flavors: r-devel-linux-x86_64-debian-clang, r-devel-linux-x86_64-debian-gcc, r-devel-linux-x86_64-fedora-clang, r-devel-linux-x86_64-fedora-gcc, r-devel-windows-x86_64, r-devel-windows-x86_64-gcc10-UCRT, r-patched-linux-x86_64, r-patched-solaris-x86, r-release-linux-x86_64, r-release-macos-arm64, r-release-macos-x86_64, r-release-windows-ix86+x86_64