Last updated on 2024-03-28 23:01:41 CET.
Flavor | Version | Tinstall | Tcheck | Ttotal | Status | Flags |
---|---|---|---|---|---|---|
r-devel-linux-x86_64-debian-clang | 1.0.5 | 4.53 | 56.76 | 61.29 | NOTE | |
r-devel-linux-x86_64-debian-gcc | 1.0.5 | 3.28 | 45.54 | 48.82 | NOTE | |
r-devel-linux-x86_64-fedora-clang | 1.0.5 | 79.71 | NOTE | |||
r-devel-linux-x86_64-fedora-gcc | 1.0.5 | 81.89 | NOTE | |||
r-devel-windows-x86_64 | 1.0.5 | 5.00 | 73.00 | 78.00 | NOTE | |
r-patched-linux-x86_64 | 1.0.5 | 6.49 | 58.88 | 65.37 | NOTE | |
r-release-linux-x86_64 | 1.0.5 | 3.30 | 61.65 | 64.95 | OK | |
r-release-macos-arm64 | 1.0.5 | 26.00 | OK | |||
r-release-macos-x86_64 | 1.0.5 | 41.00 | OK | |||
r-release-windows-x86_64 | 1.0.5 | 5.00 | 78.00 | 83.00 | OK | |
r-oldrel-macos-arm64 | 1.0.5 | 22.00 | OK | |||
r-oldrel-windows-x86_64 | 1.0.5 | 6.00 | 68.00 | 74.00 | OK |
Version: 1.0.5
Check: Rd files
Result: NOTE
checkRd: (-1) bvp.Rd:24: Lost braces
24 | differential equations. The code{midptivp} method solves initial
| ^
checkRd: (-1) ivp.Rd:38: Lost braces
38 | differential equations. The code{midptivp} method solves initial
| ^
checkRd: (-1) ivpsys.Rd:29: Lost braces
29 | differential equations. The code{midptivp} method solves initial
| ^
Flavors: r-devel-linux-x86_64-debian-clang, r-devel-linux-x86_64-debian-gcc, r-devel-linux-x86_64-fedora-clang, r-devel-linux-x86_64-fedora-gcc, r-devel-windows-x86_64, r-patched-linux-x86_64